000
CDUS45 KFGZ 260732
CLIINW


CLIMATE REPORT
NATIONAL WEATHER SERVICE FLAGSTAFF, AZ
1232 AM MST THU NOV 26 2020


...................................

...THE WINSLOW AZ AIRPORT CLIMATE SUMMARY FOR NOVEMBER 25 2020...

CLIMATE NORMAL PERIOD 1981 TO 2010
CLIMATE RECORD PERIOD 1915 TO 2020


WEATHER ITEM   OBSERVED TIME   RECORD YEAR NORMAL DEPARTURE LAST
                VALUE   (LST)  VALUE       VALUE  FROM      YEAR
                                                  NORMAL
..................................................................
TEMPERATURE (F)
 YESTERDAY
  MAXIMUM         59    415 PM  74    2017  55      4       62
  MINIMUM         16    640 AM   0    1952  25     -9       27
  AVERAGE         38                        40     -2       45

PRECIPITATION (IN)
  YESTERDAY        0.00          0.40 1925   0.01  -0.01     0.14
  MONTH TO DATE    0.08                      0.42  -0.34     1.44
  SINCE OCT 1      0.24                      0.95  -0.71     1.44
  SINCE JAN 1      4.23                      6.36  -2.13     5.43

DEGREE DAYS
 HEATING
  YESTERDAY       27                        25      2       20
  MONTH TO DATE  406                       499    -93      466
  SINCE JUL 1    640                       805   -165      839

 COOLING
  YESTERDAY        0                         0      0        0
  MONTH TO DATE    0                         0      0        0
  SINCE JAN 1   1616                      1208    408     1478
..................................................................


WIND (MPH)
  HIGHEST WIND SPEED    16   HIGHEST WIND DIRECTION    SW (210)
  HIGHEST GUST SPEED    19   HIGHEST GUST DIRECTION     S (200)
  AVERAGE WIND SPEED     5.5


SKY COVER
  POSSIBLE SUNSHINE  MM
  AVERAGE SKY COVER 0.0


WEATHER CONDITIONS
 THE FOLLOWING WEATHER WAS RECORDED YESTERDAY.
  NO SIGNIFICANT WEATHER WAS OBSERVED.


RELATIVE HUMIDITY (PERCENT)
 HIGHEST    68           800 AM
 LOWEST     15           400 PM
 AVERAGE    42

..........................................................


THE WINSLOW AZ AIRPORT CLIMATE NORMALS FOR TODAY
                         NORMAL    RECORD    YEAR
 MAXIMUM TEMPERATURE (F)   55        77      2017
 MINIMUM TEMPERATURE (F)   24         1      1952


SUNRISE AND SUNSET
NOVEMBER 26 2020......SUNRISE   709 AM MST   SUNSET   512 PM MST
NOVEMBER 27 2020......SUNRISE   709 AM MST   SUNSET   512 PM MST


-  INDICATES NEGATIVE NUMBERS.
R  INDICATES RECORD WAS SET OR TIED.
MM INDICATES DATA IS MISSING.
T  INDICATES TRACE AMOUNT.




$$
