000
CDUS45 KPSR 260822
CLIIPL

CLIMATE REPORT
NATIONAL WEATHER SERVICE PHOENIX AZ
122 AM MST THU NOV 26 2020

...................................

...THE IMPERIAL CA CLIMATE SUMMARY FOR NOVEMBER 25 2020...

CLIMATE NORMAL PERIOD 1981 TO 2010
CLIMATE RECORD PERIOD 1925 TO 2020


WEATHER ITEM   OBSERVED TIME   RECORD YEAR NORMAL DEPARTURE LAST
                VALUE   (LST)  VALUE       VALUE  FROM      YEAR
                                                  NORMAL
...................................................................
TEMPERATURE (F)
 YESTERDAY
  MAXIMUM         73    347 PM  88    1933  74     -1       78
                                      1950
  MINIMUM         44    608 AM  27    1931  44      0       45
  AVERAGE         59                        59      0       62

PRECIPITATION (IN)
  YESTERDAY        0.00          0.81 1985   0.01  -0.01     0.00
  MONTH TO DATE    T                         0.15  -0.15     0.35
  SINCE OCT 1      T                         0.48  -0.48     0.35
  SINCE JAN 1      0.64                      2.85  -2.21     1.42

DEGREE DAYS
 HEATING
  YESTERDAY        6                         7     -1        3
  MONTH TO DATE   57                        82    -25       29
  SINCE SEP 1     68                        89    -21       59
  SINCE JUL 1     68                        89    -21       59

 COOLING
  YESTERDAY        0                         0      0        0
  MONTH TO DATE   92                        47     45       83
  SINCE SEP 1   1247                       973    274      986
  SINCE JAN 1   4584                      3974    610     4057
...................................................................


WIND (MPH)
  HIGHEST WIND SPEED    10   HIGHEST WIND DIRECTION    SE (130)
  HIGHEST GUST SPEED    13   HIGHEST GUST DIRECTION    SE (130)
  AVERAGE WIND SPEED     3.5


SKY COVER
  AVERAGE SKY COVER 0.0


WEATHER CONDITIONS
THE FOLLOWING WEATHER WAS RECORDED YESTERDAY.
  NO SIGNIFICANT WEATHER WAS OBSERVED.


RELATIVE HUMIDITY (PERCENT)
 HIGHEST    58
 LOWEST     16
 AVERAGE    37

..........................................................


THE IMPERIAL CA CLIMATE NORMALS FOR TODAY
                         NORMAL    RECORD    YEAR
 MAXIMUM TEMPERATURE (F)   73        89      1954
                                             1995
 MINIMUM TEMPERATURE (F)   44        29      1931


SUNRISE AND SUNSET
NOVEMBER 26 2020......SUNRISE   623 AM PST   SUNSET   436 PM PST
NOVEMBER 27 2020......SUNRISE   624 AM PST   SUNSET   436 PM PST


-  INDICATES NEGATIVE NUMBERS.
R  INDICATES RECORD WAS SET OR TIED.
MM INDICATES DATA IS MISSING.
T  INDICATES TRACE AMOUNT.




$$
