000
CDUS41 KCTP 040737
CLIIPT

CLIMATE REPORT
NATIONAL WEATHER SERVICE STATE COLLEGE PA
237 AM EST FRI DEC 04 2020

...................................

...THE WILLIAMSPORT PA CLIMATE SUMMARY FOR DECEMBER 3 2020...

CLIMATE NORMAL PERIOD 1981 TO 2010
CLIMATE RECORD PERIOD 1895 TO 2020


WEATHER ITEM   OBSERVED TIME   RECORD YEAR NORMAL DEPARTURE LAST
                VALUE   (LST)  VALUE       VALUE  FROM      YEAR
                                                  NORMAL
...................................................................
TEMPERATURE (F)
 YESTERDAY
  MAXIMUM         50    236 PM  66    1998  42      8       37
  MINIMUM         29    743 AM   5    1976  28      1       27
  AVERAGE         40                        35      5       32

PRECIPITATION (IN)
  YESTERDAY        T             1.85 1905   0.12  -0.12     0.02
  MONTH TO DATE    0.04                      0.35  -0.31     0.81
  SINCE DEC 1      0.04                      0.35  -0.31     0.81
  SINCE JAN 1     32.36                     38.70  -6.34    46.66

SNOWFALL (IN)
  YESTERDAY        T             3.5  1958   0.2   -0.2       T
  MONTH TO DATE    T                         0.5   -0.5      1.4
  SINCE DEC 1      T                         0.5   -0.5      1.4
  SINCE JUL 1      T                         2.3   -2.3      3.2
  SNOW DEPTH       0

DEGREE DAYS
 HEATING
  YESTERDAY       25                        30     -5       33
  MONTH TO DATE   75                        88    -13       99
  SINCE DEC 1     75                        88    -13       99
  SINCE JUL 1   1084                      1333   -249     1250

 COOLING
  YESTERDAY        0                         0      0        0
  MONTH TO DATE    0                         0      0        0
  SINCE DEC 1      0                         0      0        0
  SINCE JAN 1   1077                       702    375      870
...................................................................


WIND (MPH)
  HIGHEST WIND SPEED    16   HIGHEST WIND DIRECTION     W (250)
  HIGHEST GUST SPEED    19   HIGHEST GUST DIRECTION     W (260)
  AVERAGE WIND SPEED     4.2


SKY COVER
  POSSIBLE SUNSHINE  MM
  AVERAGE SKY COVER 0.2


WEATHER CONDITIONS
THE FOLLOWING WEATHER WAS RECORDED YESTERDAY.
  LIGHT SNOW


RELATIVE HUMIDITY (PERCENT)
 HIGHEST    82           700 AM
 LOWEST     22           200 PM
 AVERAGE    52

..........................................................


THE WILLIAMSPORT PA CLIMATE NORMALS FOR TODAY
                         NORMAL    RECORD    YEAR
 MAXIMUM TEMPERATURE (F)   42        68      1998
 MINIMUM TEMPERATURE (F)   28         4      1940


SUNRISE AND SUNSET
DECEMBER  4 2020......SUNRISE   717 AM EST   SUNSET   439 PM EST
DECEMBER  5 2020......SUNRISE   718 AM EST   SUNSET   439 PM EST


-  INDICATES NEGATIVE NUMBERS.
R  INDICATES RECORD WAS SET OR TIED.
MM INDICATES DATA IS MISSING.
T  INDICATES TRACE AMOUNT.




$$
