000
CDUS43 KEAX 260651
CLIIRK

CLIMATE REPORT
NATIONAL WEATHER SERVICE
1251 AM CST THU NOV 26 2020

...................................

...THE KIRKSVILLE MO CLIMATE SUMMARY FOR NOVEMBER 25 2020...

CLIMATE NORMAL PERIOD: 1981 TO 2010
CLIMATE RECORD PERIOD: 9999 TO 9999


WEATHER ITEM   OBSERVED TIME   NORMAL DEPARTURE LAST
                VALUE   (LST)  VALUE  FROM      YEAR
                                      NORMAL
.......................................................
TEMPERATURE (F)
 YESTERDAY
  MAXIMUM         48  10:14 AM  45      3       60
  MINIMUM         40  11:59 PM  27     13       36
  AVERAGE         44            36      8       48

PRECIPITATION (IN)
  YESTERDAY        0.09          0.08   0.01     0.00
  MONTH TO DATE    2.17          2.30  -0.13     0.46
  SINCE SEP 1      6.70          9.73  -3.03    15.00
  SINCE JAN 1     35.79         37.14  -1.35    54.89

DEGREE DAYS
 HEATING
  YESTERDAY       21            29     -8       17
  MONTH TO DATE  420           583   -163      684
  SINCE SEP 1    950          1065   -115     1172
  SINCE JUL 1    952          1072   -120     1173

 COOLING
  YESTERDAY        0             0      0        0
  MONTH TO DATE    2             0      2        0
  SINCE SEP 1     94            95     -1      285
  SINCE JAN 1   1082           939    143     1245
.......................................................


WIND (MPH)
  HIGHEST WIND SPEED    18   HIGHEST WIND DIRECTION     E (70)
  HIGHEST GUST SPEED    24   HIGHEST GUST DIRECTION    NE (60)
  AVERAGE WIND SPEED     8.2


SKY COVER
  AVERAGE SKY COVER 1.0


WEATHER CONDITIONS
THE FOLLOWING WEATHER WAS RECORDED YESTERDAY.
  RAIN
  LIGHT RAIN
  FOG


RELATIVE HUMIDITY (PERCENT)
 HIGHEST   100           1:00 AM
 LOWEST     93          11:00 PM
 AVERAGE    97

..........................................................


THE KIRKSVILLE MO CLIMATE NORMALS FOR TODAY
                         NORMAL




SUNRISE AND SUNSET
NOVEMBER 26 2020......SUNRISE   7:08 AM CST   SUNSET   4:47 PM CST
NOVEMBER 27 2020......SUNRISE   7:09 AM CST   SUNSET   4:46 PM CST


-  INDICATES NEGATIVE NUMBERS.
R  INDICATES RECORD WAS SET OR TIED.
MM INDICATES DATA IS MISSING.
T  INDICATES TRACE AMOUNT.




$$
