059
CDUS43 KEAX 170039
CLIIRK

CLIMATE REPORT
NATIONAL WEATHER SERVICE
739 PM CDT SUN MAY 16 2021

...................................

...THE KIRKSVILLE MO CLIMATE SUMMARY FOR MAY 16 2021...
VALID TODAY AS OF 0700 PM LOCAL TIME.

CLIMATE NORMAL PERIOD: 1991 TO 2020
CLIMATE RECORD PERIOD: 9999 TO 9999


WEATHER ITEM   OBSERVED TIME   NORMAL DEPARTURE LAST
                VALUE   (LST)  VALUE  FROM      YEAR
                                      NORMAL
.......................................................
TEMPERATURE (F)
 TODAY
  MAXIMUM         62  11:26 AM  72    -10       74
  MINIMUM         47   5:01 AM  52     -5       54
  AVERAGE         55            62     -7       64

PRECIPITATION (IN)
  TODAY            0.33          0.16   0.17     0.10
  MONTH TO DATE    1.30          2.42  -1.12     4.14
  SINCE MAR 1      8.33          8.97  -0.64    10.19
  SINCE JAN 1     11.66         12.34  -0.68    13.14

DEGREE DAYS
 HEATING
  TODAY           10             5      5        1
  MONTH TO DATE  160           109     51      156
  SINCE MAR 1   1090          1242   -152     1189
  SINCE JUL 1   5611          5683    -72     5482

 COOLING
  TODAY            0             2     -2        0
  MONTH TO DATE    6            22    -16        7
  SINCE MAR 1     25            32     -7       12
  SINCE JAN 1     25            32     -7       12
.......................................................


WIND (MPH)
  HIGHEST WIND SPEED    15   HIGHEST WIND DIRECTION     E (90)
  HIGHEST GUST SPEED    24   HIGHEST GUST DIRECTION     E (100)
  AVERAGE WIND SPEED     5.8


SKY COVER
  AVERAGE SKY COVER 0.7


WEATHER CONDITIONS
THE FOLLOWING WEATHER WAS RECORDED TODAY.
  THUNDERSTORM
  RAIN
  LIGHT RAIN
  FOG
  FOG W/VISIBILITY <= 1/4 MILE


RELATIVE HUMIDITY (PERCENT)
 HIGHEST    97           4:00 AM
 LOWEST     75          11:00 AM
 AVERAGE    86

..........................................................


THE KIRKSVILLE MO CLIMATE NORMALS FOR TOMORROW
                         NORMAL




SUNRISE AND SUNSET
MAY 16 2021...........SUNRISE   5:53 AM CDT   SUNSET   8:20 PM CDT
MAY 17 2021...........SUNRISE   5:53 AM CDT   SUNSET   8:21 PM CDT


-  INDICATES NEGATIVE NUMBERS.
R  INDICATES RECORD WAS SET OR TIED.
MM INDICATES DATA IS MISSING.
T  INDICATES TRACE AMOUNT.




$$
