000
CDUS41 KOKX 122032
CLIISP

CLIMATE REPORT
NATIONAL WEATHER SERVICE NEW YORK, NY
432 PM EDT SAT JUN 12 2021

...................................

...THE ISLIP NY CLIMATE SUMMARY FOR JUNE 12 2021...
VALID TODAY AS OF 0400 PM LOCAL TIME.

CLIMATE NORMAL PERIOD 1991 TO 2020
CLIMATE RECORD PERIOD 1963 TO 2021


WEATHER ITEM   OBSERVED TIME   RECORD YEAR NORMAL DEPARTURE LAST
                VALUE   (LST)  VALUE       VALUE  FROM      YEAR
                                                  NORMAL
...................................................................
TEMPERATURE (F)
 TODAY
  MAXIMUM         70    212 PM  91    2017  76     -6       84
  MINIMUM         62    547 AM  42    1972  60      2       66
  AVERAGE         66                        68     -2       75

PRECIPITATION (IN)
  TODAY            T             3.45 1998   0.16  -0.16     0.00
  MONTH TO DATE    0.34                      1.80  -1.46     1.10
  SINCE JUN 1      0.34                      1.80  -1.46     1.10
  SINCE JAN 1     19.28                     20.60  -1.32    16.66

SNOWFALL (IN)
  TODAY            0.0          MM      MM   0.0    0.0      0.0
  MONTH TO DATE    0.0                       0.0    0.0      0.0
  SINCE JUN 1      0.0                       0.0    0.0      0.0
  SINCE JUL 1     33.5                      31.8    1.7      6.8
  SNOW DEPTH       0

DEGREE DAYS
 HEATING
  TODAY            0                         1     -1        0
  MONTH TO DATE    7                        22    -15       10
  SINCE JUN 1      7                        22    -15       10
  SINCE JUL 1   4832                      5177   -345     4824

 COOLING
  TODAY            1                         4     -3       10
  MONTH TO DATE   64                        36     28       60
  SINCE JUN 1     64                        36     28       60
  SINCE JAN 1    103                        65     38       75
...................................................................


WIND (MPH)
  HIGHEST WIND SPEED    13   HIGHEST WIND DIRECTION    SE (140)
  HIGHEST GUST SPEED    17   HIGHEST GUST DIRECTION    SE (130)
  AVERAGE WIND SPEED     6.0


SKY COVER
  AVERAGE SKY COVER 0.9


WEATHER CONDITIONS
THE FOLLOWING WEATHER WAS RECORDED TODAY.
  LIGHT RAIN


RELATIVE HUMIDITY (PERCENT)
 HIGHEST    93          1200 AM
 LOWEST     59          1100 AM
 AVERAGE    76

..........................................................


THE ISLIP NY CLIMATE NORMALS FOR TOMORROW
                         NORMAL    RECORD    YEAR
 MAXIMUM TEMPERATURE (F)   77        93      2017
 MINIMUM TEMPERATURE (F)   60        49      1976


SUNRISE AND SUNSET
JUNE 12 2021..........SUNRISE   520 AM EDT   SUNSET   824 PM EDT
JUNE 13 2021..........SUNRISE   520 AM EDT   SUNSET   825 PM EDT


-  INDICATES NEGATIVE NUMBERS.
R  INDICATES RECORD WAS SET OR TIED.
MM INDICATES DATA IS MISSING.
T  INDICATES TRACE AMOUNT.




$$
