726
CDHW43 PHFO 290226
CLIITO


CLIMATE REPORT
NATIONAL WEATHER SERVICE HONOLULU HI
425 PM HST SAT NOV 28 2020


...................................

...THE HILO HI CLIMATE SUMMARY FOR NOVEMBER 28 2020...
VALID TODAY AS OF 0400 PM LOCAL TIME.

CLIMATE NORMAL PERIOD 1981 TO 2010
CLIMATE RECORD PERIOD 1949 TO 2020


WEATHER ITEM   OBSERVED TIME   RECORD YEAR NORMAL DEPARTURE LAST
                VALUE   (LST)  VALUE       VALUE  FROM      YEAR
                                                  NORMAL
..................................................................
TEMPERATURE (F)
 TODAY
  MAXIMUM         83    219 PM  86    2005  80      3       80
                                      1970
  MINIMUM         66    649 AM  58    1985  66      0       67
  AVERAGE         75                        73      2       74

PRECIPITATION (IN)
  TODAY            0.06          5.03 1954   0.48  -0.42     0.05
  MONTH TO DATE   17.90                     14.57   3.33     9.60
  SINCE SEP 1     31.51                     34.28  -2.77    31.56
  SINCE JAN 1    105.23                    114.22  -8.99    88.95

SNOWFALL (IN)
  TODAY            0.0
  MONTH TO DATE    0.0
  SINCE SEP 1      0.0
  SINCE JUL 1      0.0
  SNOW DEPTH      MM

DEGREE DAYS
 HEATING
  TODAY            0                         0      0        0
  MONTH TO DATE    0                         0      0        0
  SINCE SEP 1      0                         0      0        0
  SINCE JUL 1      0                         0      0        0

 COOLING
  TODAY           10                         8      2        9
  MONTH TO DATE  345                       255     90      367
  SINCE SEP 1   1199                       918    281     1309
  SINCE JAN 1   4008                      2990   1018     3761
..................................................................


WIND (MPH)
  HIGHEST WIND SPEED    16   HIGHEST WIND DIRECTION    NW (320)
  HIGHEST GUST SPEED    20   HIGHEST GUST DIRECTION    NW (330)
  AVERAGE WIND SPEED    MM


SKY COVER
  POSSIBLE SUNSHINE  MM
  AVERAGE SKY COVER  MM


WEATHER CONDITIONS
 THE FOLLOWING WEATHER WAS RECORDED TODAY.
  LIGHT RAIN


RELATIVE HUMIDITY (PERCENT)
 HIGHEST    MM
 LOWEST     MM
 AVERAGE    MM

..........................................................


THE HILO HI CLIMATE NORMALS FOR TOMORROW
                         NORMAL    RECORD    YEAR
 MAXIMUM TEMPERATURE (F)   80        88      1978
 MINIMUM TEMPERATURE (F)   66        62      1999


SUNRISE AND SUNSET
NOVEMBER 28 2020......SUNRISE   637 AM HST   SUNSET   540 PM HST
NOVEMBER 29 2020......SUNRISE   638 AM HST   SUNSET   540 PM HST


-  INDICATES NEGATIVE NUMBERS.
R  INDICATES RECORD WAS SET OR TIED.
MM INDICATES DATA IS MISSING.
T  INDICATES TRACE AMOUNT.




$$
