000
CDUS43 KGLD 260737
CLIITR

CLIMATE REPORT
NATIONAL WEATHER SERVICE
1237 AM MST THU NOV 26 2020

...................................

...THE BURLINGTON CO CLIMATE SUMMARY FOR NOVEMBER 25 2020...

CLIMATE NORMAL PERIOD: 1981 TO 2010
CLIMATE RECORD PERIOD: 1896 TO 2020


WEATHER ITEM   OBSERVED TIME   RECORD YEAR NORMAL DEPARTURE LAST
                VALUE   (LST)  VALUE       VALUE  FROM      YEAR
                                                  NORMAL
...................................................................
TEMPERATURE (F)
 YESTERDAY
  MAXIMUM         56   2:01 PM  77    1960  48      8       48
  MINIMUM         19   4:08 AM  -3    1993  20     -1       27
  AVERAGE         38                        34      4       38

PRECIPITATION (IN)
  YESTERDAY        0.00                      0.01  -0.01     0.00
  MONTH TO DATE    0.01                      0.54  -0.53     0.03
  SINCE SEP 1      0.37                      2.83  -2.46     1.02
  SINCE JAN 1     13.20                     16.98  -3.78    15.05

...................................................................


THE BURLINGTON CO CLIMATE NORMALS FOR TODAY
                         NORMAL    RECORD    YEAR
 MAXIMUM TEMPERATURE (F)   47        77      1960
 MINIMUM TEMPERATURE (F)   20         0      1919


-  INDICATES NEGATIVE NUMBERS.
R  INDICATES RECORD WAS SET OR TIED.
MM INDICATES DATA IS MISSING.
T  INDICATES TRACE AMOUNT.




$$
