496
CDUS44 KJAN 290753
CLIJAN


CLIMATE REPORT
NATIONAL WEATHER SERVICE JACKSON MS
140 AM CST SUN NOV 29 2020


...................................

...THE JACKSON CLIMATE SUMMARY FOR NOVEMBER 28 2020...

CLIMATE NORMAL PERIOD 1981 TO 2010
CLIMATE RECORD PERIOD 1896 TO 2020


WEATHER ITEM   OBSERVED TIME   RECORD YEAR NORMAL DEPARTURE LAST
                VALUE   (LST)  VALUE       VALUE  FROM      YEAR
                                                  NORMAL
..................................................................
TEMPERATURE (F)
 YESTERDAY
  MAXIMUM         61    239 AM  81    1949  63     -2       65
                                      1908
  MINIMUM         52   1159 PM  16    1938  41     11       46
  AVERAGE         57                        52      5       56

PRECIPITATION (IN)
  YESTERDAY        0.01          2.54 1963   0.19  -0.18     0.00
  MONTH TO DATE    0.98                      4.38  -3.40     1.14
  SINCE SEP 1     10.39                     11.33  -0.94    16.05
  SINCE JAN 1     66.92                     48.61  18.31    58.08

SNOWFALL (IN)
  YESTERDAY        0.0           0.2  1976   0.0    0.0      0.0
  MONTH TO DATE    0.0                       0.0    0.0       T
  SINCE SEP 1      0.0                       0.0    0.0       T
  SINCE JUL 1      0.0                       0.0    0.0       T

DEGREE DAYS
 HEATING
  YESTERDAY        8                        14     -6        9
  MONTH TO DATE  146                       274   -128      373
  SINCE SEP 1    193                       381   -188      454
  SINCE JUL 1    193                       381   -188      454

 COOLING
  YESTERDAY        0                         0      0        0
  MONTH TO DATE   31                        21     10        0
  SINCE SEP 1    547                       453     94      704
  SINCE JAN 1   2515                      2252    263     2679
..................................................................


WIND (MPH)
  HIGHEST WIND SPEED    14   HIGHEST WIND DIRECTION     N (10)
  HIGHEST GUST SPEED    18   HIGHEST GUST DIRECTION     N (10)
  AVERAGE WIND SPEED     7.1


SKY COVER
  POSSIBLE SUNSHINE  MM
  AVERAGE SKY COVER 0.8


WEATHER CONDITIONS
 THE FOLLOWING WEATHER WAS RECORDED YESTERDAY.
  LIGHT RAIN
  FOG


RELATIVE HUMIDITY (PERCENT)
 HIGHEST   100          1200 AM
 LOWEST     80          1100 AM
 AVERAGE    90

..........................................................


THE JACKSON CLIMATE NORMALS FOR TODAY
                         NORMAL    RECORD    YEAR
 MAXIMUM TEMPERATURE (F)   63        81      1970
                                             1927
 MINIMUM TEMPERATURE (F)   40        20      1955


SUNRISE AND SUNSET
NOVEMBER 29 2020......SUNRISE   642 AM CST   SUNSET   455 PM CST
NOVEMBER 30 2020......SUNRISE   643 AM CST   SUNSET   455 PM CST


-  INDICATES NEGATIVE NUMBERS.
R  INDICATES RECORD WAS SET OR TIED.
MM INDICATES DATA IS MISSING.
T  INDICATES TRACE AMOUNT.

&&

AT 1 AM:

THE PEARL RIVER STAGE AT JACKSON WAS 7.0 FEET. THE RIVER HAS FALLEN 1.7 FEET
OVER THE PAST 24 HOURS.

THE MISSISSIPPI RIVER STAGE AT VICKSBURG WAS 17.0 FEET. THE RIVER ROSE
0.3 FEET OVER THE PAST 24 HOURS.


$$
