000
CDUS42 KJAX 260632
CLIJAX

CLIMATE REPORT
NATIONAL WEATHER SERVICE JACKSONVILLE FL
132 AM EST THU NOV 26 2020

...................................

...THE JACKSONVILLE CLIMATE SUMMARY FOR NOVEMBER 25 2020...

CLIMATE NORMAL PERIOD: 1981 TO 2010
CLIMATE RECORD PERIOD: 1871 TO 2020


WEATHER ITEM   OBSERVED TIME   RECORD YEAR NORMAL DEPARTURE LAST
                VALUE   (LST)  VALUE       VALUE  FROM      YEAR
                                                  NORMAL
...................................................................
TEMPERATURE (F)
 YESTERDAY
  MAXIMUM         80   2:52 PM  85    1992  71      9       67
  MINIMUM         57   3:38 AM  21    1970  48      9       40
  AVERAGE         69                        60      9       54

PRECIPITATION (IN)
  YESTERDAY        0.00          1.69 2014   0.07  -0.07     0.00
  MONTH TO DATE    1.78                      1.74   0.04     3.69
  SINCE SEP 1     14.57                     13.86   0.71     9.34
  SINCE JAN 1     54.44                     49.22   5.22    41.47

SNOWFALL (IN)
  YESTERDAY        0.0           0.0    MM

DEGREE DAYS
 HEATING
  YESTERDAY        0                         7     -7       11
  MONTH TO DATE   55                       110    -55      144
  SINCE SEP 1     56                       138    -82      145
  SINCE JUL 1     56                       138    -82      145

 COOLING
  YESTERDAY        4                         1      3        0
  MONTH TO DATE  124                        54     70       32
  SINCE SEP 1    853                       647    206      861
  SINCE JAN 1   3216                      2637    579     3254
...................................................................


WIND (MPH)
  HIGHEST WIND SPEED    17   HIGHEST WIND DIRECTION    SE (130)
  HIGHEST GUST SPEED    23   HIGHEST GUST DIRECTION    SE (140)
  AVERAGE WIND SPEED     6.2


SKY COVER
  AVERAGE SKY COVER 0.4


WEATHER CONDITIONS
THE FOLLOWING WEATHER WAS RECORDED YESTERDAY.
  LIGHT RAIN
  FOG


RELATIVE HUMIDITY (PERCENT)
 HIGHEST   100           2:00 AM
 LOWEST     52           1:00 PM
 AVERAGE    76

..........................................................


THE JACKSONVILLE CLIMATE NORMALS FOR TODAY
                         NORMAL    RECORD    YEAR
 MAXIMUM TEMPERATURE (F)   71        84      1946
 MINIMUM TEMPERATURE (F)   48        27      1950


SUNRISE AND SUNSET
NOVEMBER 26 2020......SUNRISE   7:02 AM EST   SUNSET   5:26 PM EST
NOVEMBER 27 2020......SUNRISE   7:03 AM EST   SUNSET   5:26 PM EST


-  INDICATES NEGATIVE NUMBERS.
R  INDICATES RECORD WAS SET OR TIED.
MM INDICATES DATA IS MISSING.
T  INDICATES TRACE AMOUNT.




$$
