000
CDUS44 KMEG 290733
CLIJBR

CLIMATE REPORT
NATIONAL WEATHER SERVICE MEMPHIS TN
133 AM CST SUN NOV 29 2020

...................................

...THE JONESBORO CLIMATE SUMMARY FOR NOVEMBER 28 2020...

CLIMATE NORMAL PERIOD 1981 TO 2010
CLIMATE RECORD PERIOD 1897 TO 2020


WEATHER ITEM   OBSERVED TIME   RECORD YEAR NORMAL DEPARTURE LAST
                VALUE   (LST)  VALUE       VALUE  FROM      YEAR
                                                  NORMAL
...................................................................
TEMPERATURE (F)
 YESTERDAY
  MAXIMUM         53    233 PM  80    1909  53      0       45
  MINIMUM         37   1159 PM  16    1955  35      2       38
  AVERAGE         45                        44      1       42

PRECIPITATION (IN)
  YESTERDAY        0.00          2.69 2001   0.18  -0.18     0.94
  MONTH TO DATE    2.24                      4.51  -2.27     4.98
  SINCE SEP 1     12.67                     11.83   0.84    13.38

DEGREE DAYS
 HEATING
  YESTERDAY       20                        21     -1       23
  MONTH TO DATE  286                       421   -135      533
  SINCE SEP 1    498                       608   -110      727
  SINCE JUL 1    498                       608   -110      727

 COOLING
  YESTERDAY        0                         0      0        0
  MONTH TO DATE   18                         1     17        0
  SINCE SEP 1    296                       279     17      549
...................................................................


WIND (MPH)
  HIGHEST WIND SPEED    17   HIGHEST WIND DIRECTION    NE (60)
  HIGHEST GUST SPEED    20   HIGHEST GUST DIRECTION    NE (60)
  AVERAGE WIND SPEED     7.0


SKY COVER
  AVERAGE SKY COVER 0.0


WEATHER CONDITIONS
THE FOLLOWING WEATHER WAS RECORDED YESTERDAY.
  HAZE


RELATIVE HUMIDITY (PERCENT)
 HIGHEST    85          1000 PM
 LOWEST     46           200 PM
 AVERAGE    66

..........................................................


THE JONESBORO CLIMATE NORMALS FOR TODAY
                         NORMAL    RECORD    YEAR
 MAXIMUM TEMPERATURE (F)   53        76      1933
 MINIMUM TEMPERATURE (F)   35        13      1976


SUNRISE AND SUNSET
NOVEMBER 29 2020......SUNRISE   653 AM CST   SUNSET   449 PM CST
NOVEMBER 30 2020......SUNRISE   654 AM CST   SUNSET   449 PM CST


-  INDICATES NEGATIVE NUMBERS.
R  INDICATES RECORD WAS SET OR TIED.
MM INDICATES DATA IS MISSING.
T  INDICATES TRACE AMOUNT.




$$
