000
CDUS45 KGGW 041234
CLIJDN

CLIMATE REPORT
NATIONAL WEATHER SERVICE GLASGOW, MT
534 AM MST FRI DEC 04 2020

...................................

...THE JORDAN  ASOS MT CLIMATE SUMMARY FOR DECEMBER 4 2020...
VALID AS OF 0500 AM LOCAL TIME.

CLIMATE NORMAL PERIOD: 1981 TO 2010
CLIMATE RECORD PERIOD: 9999 TO 9999


WEATHER ITEM   OBSERVED RECORD YEAR NORMAL DEPARTURE LAST
                VALUE   VALUE       VALUE  FROM      YEAR
                                           NORMAL
............................................................
TEMPERATURE (F)
 TODAY
  MAXIMUM         36     MM      MM  35      1       53
  MINIMUM         30     MM      MM   9     21       25
  AVERAGE         33                 22     11       39

PRECIPITATION (IN)
  TODAY            0.00  MM      MM   0.01  -0.01     0.00
  MONTH TO DATE    0.03               0.04  -0.01     0.00
  SINCE DEC 1      0.03               0.04  -0.01     0.00
  SINCE OCT 1      0.81               1.29  -0.48     1.91
  SINCE JAN 1      9.84              12.42  -2.58    18.88

SNOWFALL (IN)
  TODAY           MM     MM      MM  MM               0.0

DEGREE DAYS
 HEATING
  TODAY           32                 43    -11
  SINCE DEC 1    135                170    -35
  SINCE JUL 1   2001               2188   -187

 COOLING
  TODAY            0                  0      0        0
  MONTH TO DATE    0                  0      0        0
  SINCE DEC 1      0                  0      0        0
  SINCE JAN 1    637                421    216      483
............................................................


WIND (MPH)
  HIGHEST WIND SPEED    14   HIGHEST WIND DIRECTION     W (270)
  HIGHEST GUST SPEED    MM   HIGHEST GUST DIRECTION    MM
  AVERAGE WIND SPEED    10.9


SKY COVER
  POSSIBLE SUNSHINE  MM
  AVERAGE SKY COVER 0.0


WEATHER CONDITIONS
THE FOLLOWING WEATHER WAS RECORDED TODAY.
  NO SIGNIFICANT WEATHER WAS OBSERVED.


RELATIVE HUMIDITY (PERCENT)
 HIGHEST    78
 LOWEST     64
 AVERAGE    71

..........................................................


THE JORDAN  ASOS MT CLIMATE NORMALS FOR TOMORROW
                         NORMAL    RECORD    YEAR
 MAXIMUM TEMPERATURE (F)   34        MM        MM
 MINIMUM TEMPERATURE (F)    9        MM        MM


SUNRISE AND SUNSET
DECEMBER  4 2020......SUNRISE   7:38 AM MST   SUNSET   4:18 PM MST
DECEMBER  5 2020......SUNRISE   7:39 AM MST   SUNSET   4:17 PM MST


-  INDICATES NEGATIVE NUMBERS.
R  INDICATES RECORD WAS SET OR TIED.
MM INDICATES DATA IS MISSING.
T  INDICATES TRACE AMOUNT.




$$
