000
CDUS45 KBOI 290942
CLIJER

CLIMATE REPORT
NATIONAL WEATHER SERVICE BOISE ID
242 AM MST SUN NOV 29 2020

...................................

...THE JEROME ID CLIMATE SUMMARY FOR NOVEMBER 28 2020...

CLIMATE NORMAL PERIOD 1981 TO 2010
CLIMATE RECORD PERIOD 1915 TO 2020


WEATHER ITEM   OBSERVED TIME   RECORD YEAR NORMAL DEPARTURE LAST
                VALUE   (LST)  VALUE       VALUE  FROM      YEAR
                                                  NORMAL
...................................................................
TEMPERATURE (F)
 YESTERDAY
  MAXIMUM         42    314 PM  66    1932  39      3       36
                                      1949
  MINIMUM         21   1159 PM  -5    1919  23     -2       24
  AVERAGE         32                        31      1       30

PRECIPITATION (IN)
  YESTERDAY        0.00          0.57 2001   0.06  -0.06      T
  MONTH TO DATE    1.10                      1.10   0.00     0.04
  SINCE OCT 1      1.39                      1.91  -0.52     0.31
  SINCE JAN 1      5.77                      9.20  -3.43     8.80

DEGREE DAYS
 HEATING
  YESTERDAY       33                        34     -1       35
  MONTH TO DATE  708                       782    -74      684
  SINCE SEP 1   1202                      1448   -246     1531
  SINCE JUL 1   1212                      1481   -269     1531

 COOLING
  YESTERDAY        0                         0      0        0
  MONTH TO DATE    0                         0      0        0
  SINCE SEP 1     98                        45     53       70
  SINCE JAN 1    852                       510    342      684
...................................................................


WIND (MPH)
  HIGHEST WIND SPEED    22   HIGHEST WIND DIRECTION     E (80)
  HIGHEST GUST SPEED    28   HIGHEST GUST DIRECTION     E (70)
  AVERAGE WIND SPEED    10.5


SKY COVER
  AVERAGE SKY COVER 0.0


WEATHER CONDITIONS
THE FOLLOWING WEATHER WAS RECORDED YESTERDAY.
  NO SIGNIFICANT WEATHER WAS OBSERVED.


RELATIVE HUMIDITY (PERCENT)
 HIGHEST    85          1000 PM
 LOWEST     53           200 PM
 AVERAGE    69

..........................................................


THE JEROME ID CLIMATE NORMALS FOR TODAY
                         NORMAL    RECORD    YEAR
 MAXIMUM TEMPERATURE (F)   39        61      1932
 MINIMUM TEMPERATURE (F)   23        -5      2015


SUNRISE AND SUNSET
NOVEMBER 29 2020......SUNRISE   747 AM MST   SUNSET   506 PM MST
NOVEMBER 30 2020......SUNRISE   748 AM MST   SUNSET   505 PM MST


-  INDICATES NEGATIVE NUMBERS.
R  INDICATES RECORD WAS SET OR TIED.
MM INDICATES DATA IS MISSING.
T  INDICATES TRACE AMOUNT.




$$
