134
CDUS41 KOKX 282145
CLIJFK


CLIMATE REPORT
NATIONAL WEATHER SERVICE NEW YORK NY
445 PM EST SAT NOV 28 2020


...................................

...THE KENNEDY NY CLIMATE SUMMARY FOR NOVEMBER 28 2020...
VALID TODAY AS OF 0400 PM LOCAL TIME.

CLIMATE NORMAL PERIOD 1981 TO 2010
CLIMATE RECORD PERIOD 1948 TO 2020


WEATHER ITEM   OBSERVED TIME   RECORD YEAR NORMAL DEPARTURE LAST
                VALUE   (LST)  VALUE       VALUE  FROM      YEAR
                                                  NORMAL
..................................................................
TEMPERATURE (F)
 TODAY
  MAXIMUM         57    231 PM  66    2001  50      7       53
  MINIMUM         43    300 AM  21    1996  37      6       37
  AVERAGE         50                        44      6       45

PRECIPITATION (IN)
  TODAY            0.00          1.63 1980   0.12  -0.12      T
  MONTH TO DATE    3.51                      3.06   0.45     1.53
  SINCE SEP 1     11.35                     10.18   1.17     7.31
  SINCE JAN 1     36.21                     39.14  -2.93    43.96

SNOWFALL (IN)
  TODAY            0.0           0.1  1977   0.1   -0.1      0.0
  MONTH TO DATE    0.0                       0.2   -0.2       T
  SINCE OCT 1      0.0                       0.2   -0.2       T
  SINCE JUL 1      0.0                       0.2   -0.2       T
  SNOW DEPTH       0

DEGREE DAYS
 HEATING
  TODAY           15                        22     -7       20
  MONTH TO DATE  385                       483    -98      587
  SINCE SEP 1    627                       781   -154      782
  SINCE JUL 1    627                       782   -155      782

 COOLING
  TODAY            0                         0      0        0
  MONTH TO DATE    0                         0      0        0
  SINCE SEP 1    149                       144      5      172
  SINCE JAN 1   1175                      1005    170     1152
..................................................................


WIND (MPH)
  HIGHEST WIND SPEED    22   HIGHEST WIND DIRECTION    NW (330)
  HIGHEST GUST SPEED    26   HIGHEST GUST DIRECTION     N (340)
  AVERAGE WIND SPEED     6.9


SKY COVER
  AVERAGE SKY COVER 0.6


WEATHER CONDITIONS
 THE FOLLOWING WEATHER WAS RECORDED TODAY.
  NO SIGNIFICANT WEATHER WAS OBSERVED.


RELATIVE HUMIDITY (PERCENT)
 HIGHEST    82           600 AM
 LOWEST     50           300 PM
 AVERAGE    66

..........................................................


THE KENNEDY NY CLIMATE NORMALS FOR TOMORROW
                         NORMAL    RECORD    YEAR
 MAXIMUM TEMPERATURE (F)   50        64      2017
                                             1991
 MINIMUM TEMPERATURE (F)   37        25      1989


SUNRISE AND SUNSET
NOVEMBER 28 2020......SUNRISE   657 AM EST   SUNSET   429 PM EST
NOVEMBER 29 2020......SUNRISE   658 AM EST   SUNSET   429 PM EST


-  INDICATES NEGATIVE NUMBERS.
R  INDICATES RECORD WAS SET OR TIED.
MM INDICATES DATA IS MISSING.
T  INDICATES TRACE AMOUNT.




$$
