000
CDUS43 KJKL 130520
CLIJKL

CLIMATE REPORT
NATIONAL WEATHER SERVICE JACKSON KY
120 AM EDT SUN JUN 13 2021

...................................

...THE JACKSON KY CLIMATE SUMMARY FOR JUNE 12 2021...

CLIMATE NORMAL PERIOD 1991 TO 2020
CLIMATE RECORD PERIOD 1981 TO 2021

WEATHER ITEM   OBSERVED TIME   RECORD YEAR NORMAL DEPARTURE LAST
                VALUE   (LST)  VALUE       VALUE  FROM      YEAR
                                                  NORMAL
...................................................................
TEMPERATURE (F)
 YESTERDAY
  MAXIMUM         86    255 PM  91    1984  82      4       83
                                      2013
  MINIMUM         67   1159 PM  46    1985  62      5       58
  AVERAGE         77                        72      5       71

PRECIPITATION (IN)
  YESTERDAY        0.00          0.87 2018   0.18  -0.18     0.00
  MONTH TO DATE    1.65                      2.05  -0.40     2.66
  SINCE JUN 1      1.65                      2.05  -0.40     2.66
  SINCE JAN 1     24.36                     24.49  -0.13    32.24

SNOWFALL (IN)
  YESTERDAY        0.0                       0.0    0.0      0.0
  MONTH TO DATE    0.0                       0.0    0.0      0.0
  SINCE JUN 1      0.0                       0.0    0.0      0.0
  SINCE JUL 1     28.6                      23.4    5.2      7.1
  SNOW DEPTH       0

DEGREE DAYS
 HEATING
  YESTERDAY        0                         0      0        0
  MONTH TO DATE    0                         6     -6        1
  SINCE JUN 1      0                         6     -6        1
  SINCE JUL 1   3869                      4064   -195     3681

 COOLING
  YESTERDAY       12                         7      5        6
  MONTH TO DATE   94                        74     20      122
  SINCE JUN 1     94                        74     20      122
  SINCE JAN 1    230                       233     -3      283
...................................................................

WIND (MPH)
  HIGHEST WIND SPEED    12   HIGHEST WIND DIRECTION    NW (320)
  HIGHEST GUST SPEED    16   HIGHEST GUST DIRECTION     N (340)
  AVERAGE WIND SPEED     1.3

SKY COVER
  POSSIBLE SUNSHINE  MM
  AVERAGE SKY COVER 0.5

WEATHER CONDITIONS
THE FOLLOWING WEATHER WAS RECORDED YESTERDAY.
  FOG
  FOG W/VISIBILITY <= 1/4 MILE

RELATIVE HUMIDITY (PERCENT)
 HIGHEST    93           200 AM
 LOWEST     53           300 PM
 AVERAGE    73

..........................................................

THE JACKSON KY CLIMATE NORMALS FOR TODAY
                         NORMAL    RECORD    YEAR
 MAXIMUM TEMPERATURE (F)   82        91      2000
 MINIMUM TEMPERATURE (F)   63        46      1985

SUNRISE AND SUNSET
JUNE 13 2021..........SUNRISE   611 AM EDT   SUNSET   856 PM EDT
JUNE 14 2021..........SUNRISE   611 AM EDT   SUNSET   856 PM EDT

-  INDICATES NEGATIVE NUMBERS.
R  INDICATES RECORD WAS SET OR TIED.
MM INDICATES DATA IS MISSING.
T  INDICATES TRACE AMOUNT.

$$
