000
CDUS43 KJKL 280614
CLIJKL

CLIMATE REPORT
NATIONAL WEATHER SERVICE JACKSON KY
114 AM EST SAT NOV 28 2020
...................................

...THE JACKSON KY CLIMATE SUMMARY FOR NOVEMBER 27 2020...

CLIMATE NORMAL PERIOD 1981 TO 2010
CLIMATE RECORD PERIOD 1981 TO 2020

WEATHER ITEM   OBSERVED TIME   RECORD YEAR NORMAL DEPARTURE LAST
                VALUE   (LST)  VALUE       VALUE  FROM      YEAR
                                                  NORMAL
..................................................................
TEMPERATURE (F)
 YESTERDAY
  MAXIMUM         60    256 PM  79    1990  52      8       67
  MINIMUM         42    225 AM  20    2013  36      6       40
  AVERAGE         51                        44      7       54

PRECIPITATION (IN)
  YESTERDAY        0.00          1.26 1985   0.14  -0.14     1.08
  MONTH TO DATE    2.17                      3.53  -1.36     3.74
  SINCE SEP 1      9.14                     10.18  -1.04     9.75
  SINCE JAN 1     55.76                     43.73  12.03    49.21

SNOWFALL (IN)
  YESTERDAY        0.0           1.4  2013   0.0    0.0      0.0
  MONTH TO DATE    0.0                       0.4   -0.4      1.2
  SINCE SEP 1      0.0                       0.5   -0.5      1.2
  SINCE JUL 1      0.0                       0.5   -0.5      1.2
  SNOW DEPTH       0

DEGREE DAYS
 HEATING
  YESTERDAY       14                        21     -7       11
  MONTH TO DATE  305                       438   -133      586
  SINCE SEP 1    534                       733   -199      763
  SINCE JUL 1    534                       735   -201      763

 COOLING
  YESTERDAY        0                         0      0        0
  MONTH TO DATE   15                         0     15        0
  SINCE SEP 1    199                       172     27      442
  SINCE JAN 1   1386                      1150    236     1579
..................................................................

WIND (MPH)
  HIGHEST WIND SPEED     8   HIGHEST WIND DIRECTION    SW (210)
  HIGHEST GUST SPEED    14   HIGHEST GUST DIRECTION     W (260)
  AVERAGE WIND SPEED     2.2

SKY COVER
  POSSIBLE SUNSHINE  MM
  AVERAGE SKY COVER 0.6

WEATHER CONDITIONS
 THE FOLLOWING WEATHER WAS RECORDED YESTERDAY.
  NO SIGNIFICANT WEATHER WAS OBSERVED.

RELATIVE HUMIDITY (PERCENT)
 HIGHEST    89           400 AM
 LOWEST     46           300 PM
 AVERAGE    68
..........................................................

THE JACKSON KY CLIMATE NORMALS FOR TODAY
                         NORMAL    RECORD    YEAR
 MAXIMUM TEMPERATURE (F)   52        76      2005
 MINIMUM TEMPERATURE (F)   35        16      2013

SUNRISE AND SUNSET
NOVEMBER 28 2020......SUNRISE   727 AM EST   SUNSET   516 PM EST
NOVEMBER 29 2020......SUNRISE   728 AM EST   SUNSET   515 PM EST

-  INDICATES NEGATIVE NUMBERS.
R  INDICATES RECORD WAS SET OR TIED.
MM INDICATES DATA IS MISSING.
T  INDICATES TRACE AMOUNT.

$$
