000
CDUS43 KSGF 040628
CLIJLN

CLIMATE REPORT
NATIONAL WEATHER SERVICE
1228 AM CST FRI DEC 04 2020

...................................

...THE JOPLIN MO CLIMATE SUMMARY FOR DECEMBER 3 2020...

CLIMATE NORMAL PERIOD: 1981 TO 2010
CLIMATE RECORD PERIOD: 1902 TO 2020


WEATHER ITEM   OBSERVED TIME   RECORD YEAR NORMAL DEPARTURE LAST
                VALUE   (LST)  VALUE       VALUE  FROM      YEAR
                                                  NORMAL
...................................................................
TEMPERATURE (F)
 YESTERDAY
  MAXIMUM         41   3:14 PM  73    2012  51    -10       53
                                      2017
  MINIMUM         33   6:02 AM  10    2006  31      2       31
  AVERAGE         37

PRECIPITATION (IN)
  YESTERDAY        0.27          1.27 1999   0.11   0.16     0.00
  MONTH TO DATE    0.66                      0.33   0.33     0.00
  SINCE DEC 1      0.66                      0.33   0.33     0.00
  SINCE JAN 1     45.65                     44.06   1.59    61.07

DEGREE DAYS
 HEATING
  YESTERDAY       28                        24              23
  MONTH TO DATE   77                        72              81
  SINCE DEC 1     77                        72              81
  SINCE JUL 1    777                       829             998

 COOLING
  YESTERDAY        0                         0               0
  MONTH TO DATE    0                         0               0
  SINCE DEC 1      0                         0               0
  SINCE JAN 1   1660                      1698            1696
...................................................................


WIND (MPH)
  RESULTANT WIND SPEED   2   RESULTANT WIND DIRECTION   N (350)
  HIGHEST WIND SPEED    10   HIGHEST WIND DIRECTION     E (110)
  HIGHEST GUST SPEED    14   HIGHEST GUST DIRECTION    SE (130)
  AVERAGE WIND SPEED     4.6


SKY COVER
  AVERAGE SKY COVER 1.0


WEATHER CONDITIONS
THE FOLLOWING WEATHER WAS RECORDED YESTERDAY.
  RAIN
  LIGHT RAIN
  LIGHT SNOW
  FOG


RELATIVE HUMIDITY (PERCENT)
 HIGHEST    96
 LOWEST     82
 AVERAGE    89

..........................................................


THE JOPLIN MO CLIMATE NORMALS FOR TODAY
                         NORMAL    RECORD    YEAR
 MAXIMUM TEMPERATURE (F)   50        74      2001
 MINIMUM TEMPERATURE (F)   30        11      2006


SUNRISE AND SUNSET
DECEMBER  4 2020......SUNRISE   7:16 AM CST   SUNSET   5:01 PM CST
DECEMBER  5 2020......SUNRISE   7:17 AM CST   SUNSET   5:01 PM CST


-  INDICATES NEGATIVE NUMBERS.
R  INDICATES RECORD WAS SET OR TIED.
MM INDICATES DATA IS MISSING.
T  INDICATES TRACE AMOUNT.




$$
