000
CDUS43 KBIS 280740
CLIJMS


CLIMATE REPORT
NATIONAL WEATHER SERVICE BISMARCK ND
139 AM CST SAT NOV 28 2020


...................................

...THE JAMESTOWN ND CLIMATE SUMMARY FOR NOVEMBER 27 2020...

CLIMATE NORMAL PERIOD 1981 TO 2010
CLIMATE RECORD PERIOD 1891 TO 2020


WEATHER ITEM   OBSERVED TIME   RECORD YEAR NORMAL DEPARTURE LAST
                VALUE   (LST)  VALUE       VALUE  FROM      YEAR
                                                  NORMAL
..................................................................
TEMPERATURE (F)
 YESTERDAY
  MAXIMUM         47    344 PM  55    1963  30     17       29
  MINIMUM         19    758 AM -28    2014  12      7       22
  AVERAGE         33                        21     12       26

PRECIPITATION (IN)
  YESTERDAY        0.00          0.50 1931   0.01  -0.01      T
  MONTH TO DATE    0.10                      0.58  -0.48     0.11
  SINCE SEP 1      0.56                      4.13  -3.57     7.67
  SINCE JAN 1     10.78                     18.32  -7.54    21.50

DEGREE DAYS
 HEATING
  YESTERDAY       32                        44    -12       39
  MONTH TO DATE  793                       982   -189     1017
  SINCE SEP 1   1798                      1883    -85     2025
  SINCE JUL 1   1814                      1949   -135     2086

 COOLING
  YESTERDAY        0                         0      0        0
  MONTH TO DATE    0                         0      0        0
  SINCE SEP 1     15                        31    -16       43
  SINCE JAN 1    587                       446    141      395
..................................................................


WIND (MPH)
  HIGHEST WIND SPEED    18   HIGHEST WIND DIRECTION    NW (300)
  HIGHEST GUST SPEED    24   HIGHEST GUST DIRECTION    NW (310)
  AVERAGE WIND SPEED    10.3


SKY COVER
  POSSIBLE SUNSHINE  MM
  AVERAGE SKY COVER 0.2


WEATHER CONDITIONS
 THE FOLLOWING WEATHER WAS RECORDED YESTERDAY.
  NO SIGNIFICANT WEATHER WAS OBSERVED.


RELATIVE HUMIDITY (PERCENT)
 HIGHEST    77           300 AM
 LOWEST     42           200 PM
 AVERAGE    60

..........................................................


THE JAMESTOWN ND CLIMATE NORMALS FOR TODAY
                         NORMAL    RECORD    YEAR
 MAXIMUM TEMPERATURE (F)   30        53      2002
                                             1914
 MINIMUM TEMPERATURE (F)   12       -16      1985


SUNRISE AND SUNSET
NOVEMBER 28 2020......SUNRISE   756 AM CST   SUNSET   449 PM CST
NOVEMBER 29 2020......SUNRISE   758 AM CST   SUNSET   448 PM CST


-  INDICATES NEGATIVE NUMBERS.
R  INDICATES RECORD WAS SET OR TIED.
MM INDICATES DATA IS MISSING.
T  INDICATES TRACE AMOUNT.




$$
