809
CDUS43 KBIS 130802
CLIJMS

CLIMATE REPORT
NATIONAL WEATHER SERVICE BISMARCK, ND
302 AM CDT SUN JUN 13 2021

...................................

...THE JAMESTOWN ND CLIMATE SUMMARY FOR JUNE 12 2021...

CLIMATE NORMAL PERIOD: 1991 TO 2020
CLIMATE RECORD PERIOD: 1891 TO 2021


WEATHER ITEM   OBSERVED TIME   RECORD YEAR NORMAL DEPARTURE LAST
                VALUE   (LST)  VALUE       VALUE  FROM      YEAR
                                                  NORMAL
...................................................................
TEMPERATURE (F)
 YESTERDAY
  MAXIMUM         83   5:03 PM  97    1893  75      8
  MINIMUM         57   5:18 AM  34    1929  53      4
  AVERAGE         70                        64      6       63

PRECIPITATION (IN)
  YESTERDAY        0.00          1.97 1950   0.11  -0.11     0.00
  MONTH TO DATE    1.40                      1.33   0.07     0.58
  SINCE JUN 1      1.40                      1.33   0.07     0.58
  SINCE JAN 1      3.77                      7.20  -3.43     3.24

DEGREE DAYS
 HEATING
  YESTERDAY        0                         3     -3        2
  MONTH TO DATE    0                        49    -49       12
  SINCE JUN 1      0                        49    -49       12
  SINCE JUL 1   7912                      8977  -1065     9031

 COOLING
  YESTERDAY        5                         2      3        0
  MONTH TO DATE  106                        22     84       40
  SINCE JUN 1    106                        22     84       40
  SINCE JAN 1    129                        38     91       47
...................................................................


WIND (MPH)
  HIGHEST WIND SPEED    17   HIGHEST WIND DIRECTION     W (280)
  HIGHEST GUST SPEED    23   HIGHEST GUST DIRECTION     W (280)
  AVERAGE WIND SPEED     9.1


SKY COVER
  AVERAGE SKY COVER 0.0


WEATHER CONDITIONS
THE FOLLOWING WEATHER WAS RECORDED YESTERDAY.
  NO SIGNIFICANT WEATHER WAS OBSERVED.


RELATIVE HUMIDITY (PERCENT)
 HIGHEST    69           3:00 AM
 LOWEST     22           5:00 PM
 AVERAGE    46

..........................................................


THE JAMESTOWN ND CLIMATE NORMALS FOR TODAY
                         NORMAL    RECORD    YEAR
 MAXIMUM TEMPERATURE (F)   76        98      1936
 MINIMUM TEMPERATURE (F)   53        34      1929


SUNRISE AND SUNSET
JUNE 13 2021..........SUNRISE   5:39 AM CDT   SUNSET   9:30 PM CDT
JUNE 14 2021..........SUNRISE   5:39 AM CDT   SUNSET   9:31 PM CDT


-  INDICATES NEGATIVE NUMBERS.
R  INDICATES RECORD WAS SET OR TIED.
MM INDICATES DATA IS MISSING.
T  INDICATES TRACE AMOUNT.




$$
