000
CDAK47 PAJK 281350
CLIJNU
NATIONAL WEATHER SERVICE JUNEAU AK
426 AM AKST SAT NOV 28 2020

...................................

...THE JUNEAU CLIMATE SUMMARY FOR NOVEMBER 27 2020...

CLIMATE NORMAL PERIOD: 1981 TO 2010
CLIMATE RECORD PERIOD: 1936 TO 2020


WEATHER ITEM   OBSERVED RECORD YEAR NORMAL DEPARTURE LAST
                VALUE   VALUE       VALUE  FROM      YEAR
                                           NORMAL
............................................................
TEMPERATURE (F)
 YESTERDAY
  MAXIMUM         38     53    2002  36      2       29
  MINIMUM         30     -5    2006  27      3       19
  AVERAGE         34                 32      2       24

PRECIPITATION (IN)
  YESTERDAY        T      1.13 1936   0.20  -0.20     0.00
  MONTH TO DATE    5.34               5.39  -0.05     9.85
  SINCE JAN 1     62.47              55.83   6.64    52.86

SNOWFALL (IN)
  YESTERDAY        0.1    4.7  1971   0.6   -0.5      0.0
  MONTH TO DATE   14.8               11.4    3.4      0.5

DEGREE DAYS
 HEATING
  YESTERDAY       31                 34     -3       41
  MONTH TO DATE  925                845     80      686
  SINCE SEP 1   2063               1995     68     1804
............................................................


WIND (MPH)
  HIGHEST WIND SPEED    23   HIGHEST WIND DIRECTION    SE (120)
  HIGHEST GUST SPEED    29   HIGHEST GUST DIRECTION     E (110)
  AVERAGE WIND SPEED     7.7


SKY COVER
  AVERAGE SKY COVER 0.8


WEATHER CONDITIONS
THE FOLLOWING WEATHER WAS RECORDED YESTERDAY.
  LIGHT RAIN
  LIGHT SNOW
  FOG

..........................................................


THE JUNEAU CLIMATE NORMALS FOR TODAY
                         NORMAL    RECORD    YEAR
 MAXIMUM TEMPERATURE (F)   36        49      1969
 MINIMUM TEMPERATURE (F)   27        -5      2006


SUNRISE AND SUNSET
NOVEMBER 28 2020......SUNRISE   8:16 AM AKST  SUNSET   3:16 PM AKST
NOVEMBER 29 2020......SUNRISE   8:18 AM AKST  SUNSET   3:15 PM AKST


-  INDICATES NEGATIVE NUMBERS.
R  INDICATES RECORD WAS SET OR TIED.
MM INDICATES DATA IS MISSING.
T  INDICATES TRACE AMOUNT.




$$

--------------------------------------------------------------

AMOUNT OF DAYLIGHT TODAY (HOUR:MIN)......... 7 HOURS 00 MINUTES
GAIN/LOSS SINCE YESTERDAY (HOUR:MIN:SEC).... -0:03:13

$$
