000
CDUS41 KCTP 280748
CLIJST

CLIMATE REPORT
NATIONAL WEATHER SERVICE STATE COLLEGE PA
248 AM EST SAT NOV 28 2020

...................................

...THE JOHNSTOWN CLIMATE SUMMARY FOR NOVEMBER 27 2020...

CLIMATE NORMAL PERIOD 1981 TO 2010
CLIMATE RECORD PERIOD 1892 TO 2020


WEATHER ITEM   OBSERVED TIME   RECORD YEAR NORMAL DEPARTURE LAST
                VALUE   (LST)  VALUE       VALUE  FROM      YEAR
                                                  NORMAL
...................................................................
TEMPERATURE (F)
 YESTERDAY
  MAXIMUM         47    211 PM  76    1990  40      7       60
  MINIMUM         41   1149 PM  10    1932  29     12       35
  AVERAGE         44                        35      9       48

PRECIPITATION (IN)
  YESTERDAY        0.03          1.43 1978   0.13  -0.10     0.04
  MONTH TO DATE    2.51                      3.30  -0.79     0.94
  SINCE SEP 1      7.85                      9.78  -1.93     6.63
  SINCE JAN 1     38.41                     38.13   0.28    35.58

DEGREE DAYS
 HEATING
  YESTERDAY       21                        30     -9       17
  MONTH TO DATE  492                       670   -178      755
  SINCE SEP 1   1049                      1327   -278     1169
  SINCE JUL 1   1052                      1369   -317     1187

 COOLING
  YESTERDAY        0                         0      0        0
  MONTH TO DATE    0                         0      0        0
  SINCE SEP 1     38                        28     10       97
  SINCE JAN 1    645                       388    257      564
...................................................................


WIND (MPH)
  HIGHEST WIND SPEED    17   HIGHEST WIND DIRECTION     W (290)
  HIGHEST GUST SPEED    22   HIGHEST GUST DIRECTION     W (280)
  AVERAGE WIND SPEED     7.0


SKY COVER
  POSSIBLE SUNSHINE  MM
  AVERAGE SKY COVER 1.0


WEATHER CONDITIONS
THE FOLLOWING WEATHER WAS RECORDED YESTERDAY.
  LIGHT RAIN
  FOG
  FOG W/VISIBILITY <= 1/4 MILE


RELATIVE HUMIDITY (PERCENT)
 HIGHEST    97           900 AM
 LOWEST     70           600 PM
 AVERAGE    84

..........................................................


THE JOHNSTOWN CLIMATE NORMALS FOR TODAY
                         NORMAL    RECORD    YEAR
 MAXIMUM TEMPERATURE (F)   40        77      1990
 MINIMUM TEMPERATURE (F)   28         9      1930


SUNRISE AND SUNSET
NOVEMBER 28 2020......SUNRISE   716 AM EST   SUNSET   450 PM EST
NOVEMBER 29 2020......SUNRISE   717 AM EST   SUNSET   450 PM EST


-  INDICATES NEGATIVE NUMBERS.
R  INDICATES RECORD WAS SET OR TIED.
MM INDICATES DATA IS MISSING.
T  INDICATES TRACE AMOUNT.




$$
