562
CDUS41 KCTP 130627
CLIJST

CLIMATE REPORT
NATIONAL WEATHER SERVICE STATE COLLEGE PA
227 AM EDT SUN JUN 13 2021

...................................

...THE JOHNSTOWN CLIMATE SUMMARY FOR JUNE 12 2021...

CLIMATE NORMAL PERIOD 1991 TO 2020
CLIMATE RECORD PERIOD 1892 TO 2021


WEATHER ITEM   OBSERVED TIME   RECORD YEAR NORMAL DEPARTURE LAST
                VALUE   (LST)  VALUE       VALUE  FROM      YEAR
                                                  NORMAL
...................................................................
TEMPERATURE (F)
 YESTERDAY
  MAXIMUM         79    351 PM  96    1911  74      5       75
  MINIMUM         58    635 AM  37    1980  57      1       57
  AVERAGE         69                        65      4       66

PRECIPITATION (IN)
  YESTERDAY        0.00          1.55 1991   0.15  -0.15     0.00
  MONTH TO DATE    1.07                      1.74  -0.67     0.34
  SINCE JUN 1      1.07                      1.74  -0.67     0.34
  SINCE JAN 1     14.19                     17.59  -3.40    17.81

DEGREE DAYS
 HEATING
  YESTERDAY        0                         2     -2        0
  MONTH TO DATE   10                        37    -27       16
  SINCE JUN 1     10                        37    -27       16
  SINCE JUL 1   5993                      6302   -309     5843

 COOLING
  YESTERDAY        4                         3      1        1
  MONTH TO DATE   55                        25     30       57
  SINCE JUN 1     55                        25     30       57
  SINCE JAN 1     96                        63     33       82
...................................................................


WIND (MPH)
  HIGHEST WIND SPEED    14   HIGHEST WIND DIRECTION     N (350)
  HIGHEST GUST SPEED    17   HIGHEST GUST DIRECTION     N (350)
  AVERAGE WIND SPEED     4.0


SKY COVER
  POSSIBLE SUNSHINE  MM
  AVERAGE SKY COVER 0.6


WEATHER CONDITIONS
THE FOLLOWING WEATHER WAS RECORDED YESTERDAY.
  FOG
  FOG W/VISIBILITY <= 1/4 MILE


RELATIVE HUMIDITY (PERCENT)
 HIGHEST    97           400 AM
 LOWEST     52           300 PM
 AVERAGE    75

..........................................................


THE JOHNSTOWN CLIMATE NORMALS FOR TODAY
                         NORMAL    RECORD    YEAR
 MAXIMUM TEMPERATURE (F)   74        95      1902
 MINIMUM TEMPERATURE (F)   57        42      1894


SUNRISE AND SUNSET
JUNE 13 2021..........SUNRISE   545 AM EDT   SUNSET   846 PM EDT
JUNE 14 2021..........SUNRISE   545 AM EDT   SUNSET   847 PM EDT


-  INDICATES NEGATIVE NUMBERS.
R  INDICATES RECORD WAS SET OR TIED.
MM INDICATES DATA IS MISSING.
T  INDICATES TRACE AMOUNT.




$$
