245
CDUS43 KGRR 122123
CLIJXN

CLIMATE REPORT
NATIONAL WEATHER SERVICE GRAND RAPIDS, MICHIGAN
523 PM EDT SAT JUN 12 2021

...................................

...THE JACKSON CLIMATE SUMMARY FOR JUNE 12 2021...
VALID TODAY AS OF 0500 PM LOCAL TIME.

CLIMATE NORMAL PERIOD: 1991 TO 2020
CLIMATE RECORD PERIOD: 1944 TO 2021


WEATHER ITEM   OBSERVED TIME   NORMAL DEPARTURE LAST
                VALUE   (LST)  VALUE  FROM      YEAR
                                      NORMAL
.......................................................
TEMPERATURE (F)
 TODAY
  MAXIMUM         89   3:56 PM  78     11       74
  MINIMUM         65   6:44 AM  56      9       52
  AVERAGE         77            67     10       63

PRECIPITATION (IN)
  TODAY            0.00          0.13  -0.13      T
  MONTH TO DATE    0.83          1.36  -0.53     0.46
  SINCE JUN 1      0.83          1.36  -0.53     0.46
  SINCE JAN 1      8.05         12.82  -4.77    15.71

DEGREE DAYS
 HEATING
  TODAY            0             2     -2        2
  MONTH TO DATE    7            30    -23       14
  SINCE JUN 1      7            30    -23       14
  SINCE JUL 1   6033          6454   -421     6289

 COOLING
  TODAY           12             4      8        0
  MONTH TO DATE  101            39     62       57
  SINCE JUN 1    101            39     62       57
  SINCE JAN 1    165            84     81      102
.......................................................


WIND (MPH)
  RESULTANT WIND SPEED   2   RESULTANT WIND DIRECTION  NE (30)
  HIGHEST WIND SPEED     8   HIGHEST WIND DIRECTION     E (80)
  HIGHEST GUST SPEED    10   HIGHEST GUST DIRECTION     N (10)
  AVERAGE WIND SPEED     2.8


SKY COVER
  AVERAGE SKY COVER 0.5


WEATHER CONDITIONS
THE FOLLOWING WEATHER WAS RECORDED TODAY.
  FOG
  FOG W/VISIBILITY <= 1/4 MILE
  HAZE


RELATIVE HUMIDITY (PERCENT)
 HIGHEST    93           7:00 AM
 LOWEST     44           4:00 PM
 AVERAGE    69

..........................................................


THE JACKSON CLIMATE NORMALS FOR TOMORROW
                         NORMAL    RECORD    YEAR
 MAXIMUM TEMPERATURE (F)   79        MM        MM
 MINIMUM TEMPERATURE (F)   57        MM        MM


SUNRISE AND SUNSET
JUNE 12 2021..........SUNRISE   6:01 AM EDT   SUNSET   9:15 PM EDT
JUNE 13 2021..........SUNRISE   6:01 AM EDT   SUNSET   9:15 PM EDT


-  INDICATES NEGATIVE NUMBERS.
R  INDICATES RECORD WAS SET OR TIED.
MM INDICATES DATA IS MISSING.
T  INDICATES TRACE AMOUNT.




$$
