000
CDUS43 KGRR 280525
CLIJXN

CLIMATE REPORT
NATIONAL WEATHER SERVICE GRAND RAPIDS, MICHIGAN
1225 AM EST SAT NOV 28 2020

...................................

...THE JACKSON CLIMATE SUMMARY FOR NOVEMBER 27 2020...

CLIMATE NORMAL PERIOD: 1981 TO 2010
CLIMATE RECORD PERIOD: 1944 TO 2020


WEATHER ITEM   OBSERVED TIME   NORMAL DEPARTURE LAST
                VALUE   (LST)  VALUE  FROM      YEAR
                                      NORMAL
.......................................................
TEMPERATURE (F)
 YESTERDAY
  MAXIMUM         44   4:28 PM  42      2       53
  MINIMUM         30  11:59 PM  28      2       36
  AVERAGE         37            35      2       45

PRECIPITATION (IN)
  YESTERDAY        0.00          0.08  -0.08     0.46
  MONTH TO DATE    1.95          2.36  -0.41     1.47
  SINCE SEP 1      7.09          8.47  -1.38    11.47
  SINCE JAN 1     30.99         29.39   1.60    33.38

DEGREE DAYS
 HEATING
  YESTERDAY       28            30     -2       20
  MONTH TO DATE  533           664   -131      851
  SINCE SEP 1   1175          1277   -102     1327
  SINCE JUL 1   1184          1312   -128     1340

 COOLING
  YESTERDAY        0             0      0        0
  MONTH TO DATE    4             0      4        0
  SINCE SEP 1     35            63    -28      104
  SINCE JAN 1    673           592     81      663
.......................................................


WIND (MPH)
  RESULTANT WIND SPEED   8   RESULTANT WIND DIRECTION  SW (220)
  HIGHEST WIND SPEED    16   HIGHEST WIND DIRECTION     W (290)
  HIGHEST GUST SPEED    26   HIGHEST GUST DIRECTION     W (290)
  AVERAGE WIND SPEED     7.6


SKY COVER
  AVERAGE SKY COVER 0.9


WEATHER CONDITIONS
THE FOLLOWING WEATHER WAS RECORDED YESTERDAY.
  HAZE


RELATIVE HUMIDITY (PERCENT)
 HIGHEST    83          12:00 AM
 LOWEST     73           1:00 PM
 AVERAGE    78

..........................................................


THE JACKSON CLIMATE NORMALS FOR TODAY
                         NORMAL




SUNRISE AND SUNSET
NOVEMBER 28 2020......SUNRISE   7:44 AM EST   SUNSET   5:07 PM EST
NOVEMBER 29 2020......SUNRISE   7:45 AM EST   SUNSET   5:07 PM EST


-  INDICATES NEGATIVE NUMBERS.
R  INDICATES RECORD WAS SET OR TIED.
MM INDICATES DATA IS MISSING.
T  INDICATES TRACE AMOUNT.




$$
