000
CDAK47 PAJK 121250
CLIKTN
NATIONAL WEATHER SERVICE JUNEAU AK
423 AM AKDT SAT JUN 12 2021

...................................

...THE KETCHIKAN  CLIMATE SUMMARY FOR JUNE 11 2021...

CLIMATE NORMAL PERIOD: 1991 TO 2020
CLIMATE RECORD PERIOD: 1910 TO 2021


WEATHER ITEM   OBSERVED RECORD YEAR NORMAL DEPARTURE LAST
                VALUE   VALUE       VALUE  FROM      YEAR
                                           NORMAL
............................................................
TEMPERATURE (F)
 YESTERDAY
  MAXIMUM         66     89    1948  61      5       59
  MINIMUM         40     35    1917  49     -9       50
  AVERAGE         53                 55     -2       55

PRECIPITATION (IN)
  YESTERDAY        0.00   4.45 1951   0.24  -0.24     0.13
  MONTH TO DATE    5.11               2.62   2.49     4.83
  SINCE JAN 1     62.11              60.50   1.61    55.19

DEGREE DAYS
 HEATING
  YESTERDAY       12                 10      2       10
  MONTH TO DATE  138                119     19      143
  SINCE JUN 1    138                119     19      143
............................................................


WIND (MPH)
  HIGHEST WIND SPEED    14   HIGHEST WIND DIRECTION     N (340)
  HIGHEST GUST SPEED    17   HIGHEST GUST DIRECTION     N (360)
  AVERAGE WIND SPEED     6.9


SKY COVER
  AVERAGE SKY COVER 0.1


WEATHER CONDITIONS
THE FOLLOWING WEATHER WAS RECORDED YESTERDAY.
  NO SIGNIFICANT WEATHER WAS OBSERVED.

..........................................................


THE KETCHIKAN  CLIMATE NORMALS FOR TODAY
                         NORMAL    RECORD    YEAR
 MAXIMUM TEMPERATURE (F)   61        84      1969
 MINIMUM TEMPERATURE (F)   49        35      1917


SUNRISE AND SUNSET
JUNE 12 2021..........SUNRISE   4:05 AM AKDT  SUNSET   9:29 PM AKDT
JUNE 13 2021..........SUNRISE   4:05 AM AKDT  SUNSET   9:29 PM AKDT


-  INDICATES NEGATIVE NUMBERS.
R  INDICATES RECORD WAS SET OR TIED.
MM INDICATES DATA IS MISSING.
T  INDICATES TRACE AMOUNT.




$$

--------------------------------------------------------------

AMOUNT OF DAYLIGHT TODAY (HOUR:MIN)......... 17 HOURS 24 MINUTES
GAIN/LOSS SINCE YESTERDAY (HOUR:MIN:SEC).... +0:01:05

$$
