000
CDUS43 KIND 122031
CLILAF

CLIMATE REPORT
NATIONAL WEATHER SERVICE INDIANAPOLIS IN
431 PM EDT SAT JUN 12 2021

...................................

...THE LAFAYETTE IN CLIMATE SUMMARY FOR JUNE 12 2021...
VALID TODAY AS OF 0400 PM LOCAL TIME.

CLIMATE NORMAL PERIOD 1991 TO 2020
CLIMATE RECORD PERIOD 9999 TO 9999


WEATHER ITEM   OBSERVED TIME   NORMAL DEPARTURE LAST
                VALUE   (LST)  VALUE  FROM      YEAR
                                      NORMAL
.......................................................
TEMPERATURE (F)
 TODAY
  MAXIMUM         98    159 PM  81     17       89
  MINIMUM         68    456 AM  60      8       57
  AVERAGE         83            70     13       73

PRECIPITATION (IN)
  TODAY            0.24          0.16   0.08     0.00
  MONTH TO DATE    0.43          1.74  -1.31     1.00
  SINCE JUN 1      0.43          1.74  -1.31     1.00
  SINCE JAN 1     15.64         16.32  -0.68    15.90

.......................................................


WIND (MPH)
  HIGHEST WIND SPEED    18   HIGHEST WIND DIRECTION    NE (50)
  HIGHEST GUST SPEED    23   HIGHEST GUST DIRECTION    NE (40)
  AVERAGE WIND SPEED     2.4


SKY COVER
  AVERAGE SKY COVER 0.1


WEATHER CONDITIONS
THE FOLLOWING WEATHER WAS RECORDED TODAY.
  THUNDERSTORM
  HEAVY RAIN
  LIGHT RAIN
  HAZE


RELATIVE HUMIDITY (PERCENT)
 HIGHEST    84           600 AM
 LOWEST     40          1200 PM

..........................................................


THE LAFAYETTE IN CLIMATE NORMALS FOR TOMORROW
                         NORMAL    RECORD    YEAR
 MAXIMUM TEMPERATURE (F)   81        MM        MM
 MINIMUM TEMPERATURE (F)   60        MM        MM


SUNRISE AND SUNSET
JUNE 12 2021..........SUNRISE   617 AM EDT   SUNSET   919 PM EDT
JUNE 13 2021..........SUNRISE   617 AM EDT   SUNSET   919 PM EDT


-  INDICATES NEGATIVE NUMBERS.
R  INDICATES RECORD WAS SET OR TIED.
MM INDICATES DATA IS MISSING.
T  INDICATES TRACE AMOUNT.




$$
