722
CDUS43 KIND 280630
CLILAF

CLIMATE REPORT
NATIONAL WEATHER SERVICE INDIANAPOLIS IN
130 AM EST SAT NOV 28 2020

...................................

...THE LAFAYETTE IN CLIMATE SUMMARY FOR NOVEMBER 27 2020...

CLIMATE NORMAL PERIOD 1981 TO 2010
CLIMATE RECORD PERIOD 9999 TO 9999


WEATHER ITEM   OBSERVED TIME   NORMAL DEPARTURE LAST
                VALUE   (LST)  VALUE  FROM      YEAR
                                      NORMAL
.......................................................
TEMPERATURE (F)
 YESTERDAY
  MAXIMUM         50    439 PM  45      5       57
  MINIMUM         33   1151 PM  30      3       35
  AVERAGE         42            38      4       46

PRECIPITATION (IN)
  YESTERDAY        0.00          0.10  -0.10     0.32
  MONTH TO DATE    2.60          2.67  -0.07     1.23
  SINCE SEP 1      7.70          8.22  -0.52     7.03
  SINCE JAN 1     30.35         33.77  -3.42    37.39

DEGREE DAYS
 HEATING
  YESTERDAY       23            28     -5       19
  MONTH TO DATE  416           582   -166      776
  SINCE SEP 1    801          1010   -209     1133
  SINCE JUL 1    801          1016   -215     1133

 COOLING
  YESTERDAY        0             0      0        0
  MONTH TO DATE    6             0      6        0
  SINCE SEP 1    161           130     31      211
  SINCE JAN 1   1274           982    292     1052
.......................................................


WIND (MPH)
  HIGHEST WIND SPEED    14   HIGHEST WIND DIRECTION     W (280)
  HIGHEST GUST SPEED    17   HIGHEST GUST DIRECTION     W (280)
  AVERAGE WIND SPEED     5.4


SKY COVER
  AVERAGE SKY COVER 0.8


WEATHER CONDITIONS
THE FOLLOWING WEATHER WAS RECORDED YESTERDAY.
  FOG


RELATIVE HUMIDITY (PERCENT)
 HIGHEST    89           600 AM
 LOWEST     74          1100 AM
 AVERAGE    82

..........................................................


THE LAFAYETTE IN CLIMATE NORMALS FOR TODAY
                         NORMAL    RECORD    YEAR
 MAXIMUM TEMPERATURE (F)   45        MM        MM
 MINIMUM TEMPERATURE (F)   29        MM        MM


SUNRISE AND SUNSET
NOVEMBER 28 2020......SUNRISE   749 AM EST   SUNSET   523 PM EST
NOVEMBER 29 2020......SUNRISE   750 AM EST   SUNSET   522 PM EST


-  INDICATES NEGATIVE NUMBERS.
R  INDICATES RECORD WAS SET OR TIED.
MM INDICATES DATA IS MISSING.
T  INDICATES TRACE AMOUNT.




$$
