000
CDUS43 KGRR 130541
CLILAN

CLIMATE REPORT
NATIONAL WEATHER SERVICE GRAND RAPIDS, MICHIGAN
141 AM EDT SUN JUN 13 2021

...................................

...THE LANSING CLIMATE SUMMARY FOR JUNE 12 2021...

CLIMATE NORMAL PERIOD: 1991 TO 2020
CLIMATE RECORD PERIOD: 1864 TO 2021


WEATHER ITEM   OBSERVED TIME   RECORD YEAR NORMAL DEPARTURE LAST
                VALUE   (LST)  VALUE       VALUE  FROM      YEAR
                                                  NORMAL
...................................................................
TEMPERATURE (F)
 YESTERDAY
  MAXIMUM         90   5:25 PM  95    1876  78     12       70
                                      2017
  MINIMUM         63   6:42 AM  31    1864  57      6       51
  AVERAGE         77                        67     10       61

PRECIPITATION (IN)
  YESTERDAY        0.16          1.83 2013   0.13   0.03     0.00
  MONTH TO DATE    0.29                      1.49  -1.20     1.12
  SINCE JUN 1      0.29                      1.49  -1.20     1.12
  SINCE JAN 1      7.63                     14.31  -6.68    17.90

SNOWFALL (IN)
  YESTERDAY        0.0           0.0    MM   0.0    0.0      0.0
  MONTH TO DATE    0.0                       0.0    0.0      0.0
  SINCE JUN 1      0.0                       0.0    0.0      0.0
  SINCE JUL 1     45.6                      50.2   -4.6     45.9
  SNOW DEPTH       0

DEGREE DAYS
 HEATING
  YESTERDAY        0                         2     -2        4
  MONTH TO DATE    4                        32    -28       13
  SINCE JUN 1      4                        32    -28       13
  SINCE JUL 1   6252                      6596   -344     6338

 COOLING
  YESTERDAY       12                         4      8        0
  MONTH TO DATE  124                        39     85       63
  SINCE JUN 1    124                        39     85       63
  SINCE JAN 1    181                        85     96      114
...................................................................


WIND (MPH)
  RESULTANT WIND SPEED   3   RESULTANT WIND DIRECTION  NE (50)
  HIGHEST WIND SPEED    18   HIGHEST WIND DIRECTION    NE (30)
  HIGHEST GUST SPEED    24   HIGHEST GUST DIRECTION    NE (40)
  AVERAGE WIND SPEED     4.5


SKY COVER
  AVERAGE SKY COVER 0.6


WEATHER CONDITIONS
THE FOLLOWING WEATHER WAS RECORDED YESTERDAY.
  THUNDERSTORM
  HEAVY RAIN
  LIGHT RAIN
  FOG
  FOG W/VISIBILITY <= 1/4 MILE
  HAZE


RELATIVE HUMIDITY (PERCENT)
 HIGHEST    97           5:00 AM
 LOWEST     44           4:00 PM
 AVERAGE    71

..........................................................


THE LANSING CLIMATE NORMALS FOR TODAY
                         NORMAL    RECORD    YEAR
 MAXIMUM TEMPERATURE (F)   78        95      1956
 MINIMUM TEMPERATURE (F)   57        35      1864


SUNRISE AND SUNSET
JUNE 13 2021..........SUNRISE   5:59 AM EDT   SUNSET   9:18 PM EDT
JUNE 14 2021..........SUNRISE   5:59 AM EDT   SUNSET   9:18 PM EDT


-  INDICATES NEGATIVE NUMBERS.
R  INDICATES RECORD WAS SET OR TIED.
MM INDICATES DATA IS MISSING.
T  INDICATES TRACE AMOUNT.




$$
