000
CDUS43 KGRR 280525
CLILAN

CLIMATE REPORT
NATIONAL WEATHER SERVICE GRAND RAPIDS, MICHIGAN
1225 AM EST SAT NOV 28 2020

...................................

...THE LANSING CLIMATE SUMMARY FOR NOVEMBER 27 2020...

CLIMATE NORMAL PERIOD: 1981 TO 2010
CLIMATE RECORD PERIOD: 1864 TO 2020


WEATHER ITEM   OBSERVED TIME   RECORD YEAR NORMAL DEPARTURE LAST
                VALUE   (LST)  VALUE       VALUE  FROM      YEAR
                                                  NORMAL
...................................................................
TEMPERATURE (F)
 YESTERDAY
  MAXIMUM         43   6:18 PM  65    1990  41      2       53
  MINIMUM         31  11:41 PM   5    1930  29      2       35
  AVERAGE         37                        35      2       44

PRECIPITATION (IN)
  YESTERDAY        0.00          2.12 1990   0.09  -0.09     0.45
  MONTH TO DATE    1.82                      2.53  -0.71     1.84
  SINCE SEP 1      8.89                      8.56   0.33    12.50
  SINCE JAN 1     32.86                     29.65   3.21    36.76

SNOWFALL (IN)
  YESTERDAY        0.0           9.0  1889   0.2   -0.2      0.0
  MONTH TO DATE    T                         2.7   -2.7      6.0
  SINCE SEP 1      T                         3.1   -3.1      6.8
  SINCE JUL 1      T                         3.1   -3.1      6.8
  SNOW DEPTH       0

DEGREE DAYS
 HEATING
  YESTERDAY       28                        30     -2       21
  MONTH TO DATE  539                       671   -132      845
  SINCE SEP 1   1201                      1286    -85     1337
  SINCE JUL 1   1207                      1321   -114     1349

 COOLING
  YESTERDAY        0                         0      0        0
  MONTH TO DATE    2                         0      2        0
  SINCE SEP 1     39                        68    -29       78
  SINCE JAN 1    841                       625    216      653
...................................................................


WIND (MPH)
  RESULTANT WIND SPEED   7   RESULTANT WIND DIRECTION  SW (230)
  HIGHEST WIND SPEED    20   HIGHEST WIND DIRECTION     W (280)
  HIGHEST GUST SPEED    26   HIGHEST GUST DIRECTION     W (280)
  AVERAGE WIND SPEED     7.9


SKY COVER
  AVERAGE SKY COVER 0.9


WEATHER CONDITIONS
THE FOLLOWING WEATHER WAS RECORDED YESTERDAY.
  FOG


RELATIVE HUMIDITY (PERCENT)
 HIGHEST    92           2:00 PM
 LOWEST     78           9:00 PM
 AVERAGE    85

..........................................................


THE LANSING CLIMATE NORMALS FOR TODAY
                         NORMAL    RECORD    YEAR
 MAXIMUM TEMPERATURE (F)   41        71      1905
 MINIMUM TEMPERATURE (F)   28         0      1891


SUNRISE AND SUNSET
NOVEMBER 28 2020......SUNRISE   7:46 AM EST   SUNSET   5:06 PM EST
NOVEMBER 29 2020......SUNRISE   7:48 AM EST   SUNSET   5:06 PM EST


-  INDICATES NEGATIVE NUMBERS.
R  INDICATES RECORD WAS SET OR TIED.
MM INDICATES DATA IS MISSING.
T  INDICATES TRACE AMOUNT.




$$
