000
CDUS45 KVEF 040821
CLILAS

CLIMATE REPORT
NATIONAL WEATHER SERVICE LAS VEGAS, NV
1221 AM PST FRI DEC 04 2020

...................................

...THE LAS VEGAS NV CLIMATE SUMMARY FOR DECEMBER 3 2020...

CLIMATE NORMAL PERIOD: 1981 TO 2010
CLIMATE RECORD PERIOD: 1937 TO 2020


WEATHER ITEM   OBSERVED TIME   RECORD YEAR NORMAL DEPARTURE LAST
                VALUE   (LST)  VALUE       VALUE  FROM      YEAR
                                                  NORMAL
...................................................................
TEMPERATURE (F)
 YESTERDAY
  MAXIMUM         57   3:42 PM  77    1980  59     -2       59
  MINIMUM         36   6:49 AM  23    1945  40     -4       44
                                      1948
  AVERAGE         47                        49     -2       52

PRECIPITATION (IN)
  YESTERDAY        0.00          0.14 1954   0.02  -0.02     0.00
  MONTH TO DATE    0.00                      0.04  -0.04     0.00
  SINCE OCT 1      T                         0.67  -0.67     1.06
  SINCE JAN 1      2.31                      3.73  -1.42     5.94

SNOWFALL (IN)
  YESTERDAY        0.0           0.0  2013   0.0    0.0      0.0
  MONTH TO DATE    0.0                       0.0    0.0      0.0
  SINCE DEC 1      0.0                       0.0    0.0      0.0
  SINCE JUL 1      0.0                       0.0    0.0      0.0
  SNOW DEPTH       0

DEGREE DAYS
 HEATING
  YESTERDAY       18                        16      2       13
  MONTH TO DATE   46                        46      0       48
  SINCE DEC 1     46                        46      0       48
  SINCE JUL 1    312                       355    -43      316

 COOLING
  YESTERDAY        0                         0      0        0
  MONTH TO DATE    0                         0      0        0
  SINCE DEC 1      0                         0      0        0
  SINCE JAN 1   4236                      3568    668     3648
...................................................................


WIND (MPH)
  RESULTANT WIND SPEED   1   RESULTANT WIND DIRECTION   S (160)
  HIGHEST WIND SPEED     8   HIGHEST WIND DIRECTION    SW (220)
  HIGHEST GUST SPEED    10   HIGHEST GUST DIRECTION    NE (50)
  AVERAGE WIND SPEED     2.5


SKY COVER
  AVERAGE SKY COVER 0.0


WEATHER CONDITIONS
THE FOLLOWING WEATHER WAS RECORDED YESTERDAY.
  NO SIGNIFICANT WEATHER WAS OBSERVED.


RELATIVE HUMIDITY (PERCENT)
 HIGHEST    35           4:00 AM
 LOWEST     13           2:00 PM
 AVERAGE    24

..........................................................


THE LAS VEGAS NV CLIMATE NORMALS FOR TODAY
                         NORMAL    RECORD    YEAR
 MAXIMUM TEMPERATURE (F)   58        76      1939
 MINIMUM TEMPERATURE (F)   40        24      1948


SUNRISE AND SUNSET
DECEMBER  4 2020......SUNRISE   6:36 AM PST   SUNSET   4:26 PM PST
DECEMBER  5 2020......SUNRISE   6:37 AM PST   SUNSET   4:26 PM PST


-  INDICATES NEGATIVE NUMBERS.
R  INDICATES RECORD WAS SET OR TIED.
MM INDICATES DATA IS MISSING.
T  INDICATES TRACE AMOUNT.




$$
