535
CDUS44 KOUN 280625
CLILAW

CLIMATE REPORT
NATIONAL WEATHER SERVICE NORMAN OK
1225 AM CST SAT NOV 28 2020

...................................

...THE LAWTON CLIMATE SUMMARY FOR NOVEMBER 27 2020...

CLIMATE NORMAL PERIOD 1981 TO 2010
CLIMATE RECORD PERIOD 1912 TO 2020


WEATHER ITEM   OBSERVED TIME   RECORD YEAR NORMAL DEPARTURE LAST
                VALUE   (LST)  VALUE       VALUE  FROM      YEAR
                                                  NORMAL
...................................................................
TEMPERATURE (F)
 YESTERDAY
  MAXIMUM         61    158 PM  80    1995  59      2       50
  MINIMUM         40    739 AM  17    1938  33      7       30
                                      2002
  AVERAGE         51                        46      5       40

PRECIPITATION (IN)
  YESTERDAY        0.00          1.24 2015   0.06  -0.06     0.05
  MONTH TO DATE    0.28                      1.62  -1.34     0.63
  SINCE SEP 1      7.38                      8.59  -1.21     4.50
  SINCE JAN 1     32.24                     29.27   2.97    27.41

SNOWFALL (IN)
  YESTERDAY        0.0

DEGREE DAYS
 HEATING
  YESTERDAY       14                        19     -5       25
  MONTH TO DATE  238                       367   -129      435
  SINCE SEP 1    484                       503    -19      685
  SINCE JUL 1    484                       503    -19      685

 COOLING
  YESTERDAY        0                         0      0        0
  MONTH TO DATE    7                         4      3        1
  SINCE SEP 1    308                       402    -94      608
  SINCE JAN 1   2221                      2318    -97     2583
...................................................................


WIND (MPH)
  HIGHEST WIND SPEED    24   HIGHEST WIND DIRECTION     N (20)
  HIGHEST GUST SPEED    30   HIGHEST GUST DIRECTION    NE (30)
  AVERAGE WIND SPEED    12.7


SKY COVER
  AVERAGE SKY COVER 0.0


WEATHER CONDITIONS
THE FOLLOWING WEATHER WAS RECORDED YESTERDAY.
  NO SIGNIFICANT WEATHER WAS OBSERVED.


RELATIVE HUMIDITY (PERCENT)
 HIGHEST    79
 LOWEST     39
 AVERAGE    59

..........................................................


THE LAWTON CLIMATE NORMALS FOR TODAY
                         NORMAL    RECORD    YEAR
 MAXIMUM TEMPERATURE (F)   59        84      1927
 MINIMUM TEMPERATURE (F)   32        16      1955


SUNRISE AND SUNSET
NOVEMBER 28 2020......SUNRISE   720 AM CST   SUNSET   523 PM CST
NOVEMBER 29 2020......SUNRISE   721 AM CST   SUNSET   523 PM CST


-  INDICATES NEGATIVE NUMBERS.
R  INDICATES RECORD WAS SET OR TIED.
MM INDICATES DATA IS MISSING.
T  INDICATES TRACE AMOUNT.




$$
