000
CDUS46 KLOX 130830
CLILAX

CLIMATE REPORT
NATIONAL WEATHER SERVICE LOS ANGELES/OXNARD
130 AM PDT SUN JUN 13 2021

...................................

...THE LOS ANGELES INTL AIRPORT CA CLIMATE SUMMARY FOR JUNE 12 2021...

CLIMATE NORMAL PERIOD: 1991 TO 2020
CLIMATE RECORD PERIOD: 1944 TO 2021


WEATHER ITEM   OBSERVED TIME   RECORD YEAR NORMAL DEPARTURE LAST
                VALUE   (LST)  VALUE       VALUE  FROM      YEAR
                                                  NORMAL
...................................................................
TEMPERATURE (F)
 YESTERDAY
  MAXIMUM         74        MM  87    1979  72      2       70
  MINIMUM         58        MM  52    1952  60     -2       61
  AVERAGE         66                        66      0       66

PRECIPITATION (IN)
  YESTERDAY        0.00          T    1962   0.01  -0.01     0.00
                                      1970
                                      1998
  MONTH TO DATE    T                         0.05  -0.05     0.00
  SINCE JUL 1      5.00                     12.20  -7.20    13.19
  SINCE OCT 1      5.00                     12.05  -7.05    13.14
  SINCE JAN 1      3.25                      8.51  -5.26     7.29

SNOWFALL (IN)
  YESTERDAY       MM
  MONTH TO DATE   MM
  SINCE JUN 1     MM
  SINCE JUL 1      0.0

DEGREE DAYS
 HEATING
  YESTERDAY        0                         0      0        0
  MONTH TO DATE   14                        10      4        0
  SINCE JUN 1     14                        10      4        0
  SINCE JUL 1   1270                      1210     60      826

 COOLING
  YESTERDAY        1                         1      0        1
  MONTH TO DATE    1                        12    -11       57
  SINCE JUN 1      1                        12    -11       57
  SINCE JAN 1     41                        74    -33      194
...................................................................


WIND (MPH)
  HIGHEST WIND SPEED    16   HIGHEST WIND DIRECTION     W (260)
  HIGHEST GUST SPEED    MM   HIGHEST GUST DIRECTION    MM
  AVERAGE WIND SPEED     6.5


SKY COVER
  POSSIBLE SUNSHINE  MM
  AVERAGE SKY COVER 0.1


WEATHER CONDITIONS
THE FOLLOWING WEATHER WAS RECORDED YESTERDAY.
  NO SIGNIFICANT WEATHER WAS OBSERVED.


RELATIVE HUMIDITY (PERCENT)
 HIGHEST    90          11:00 PM
 LOWEST     51           9:00 AM
 AVERAGE    71

..........................................................


THE LOS ANGELES INTL AIRPORT CA CLIMATE NORMALS FOR TODAY
                         NORMAL    RECORD    YEAR
 MAXIMUM TEMPERATURE (F)   72        87      1979
 MINIMUM TEMPERATURE (F)   61        53      1952


SUNRISE AND SUNSET
JUNE 13 2021..........SUNRISE   5:42 AM PDT   SUNSET   8:06 PM PDT
JUNE 14 2021..........SUNRISE   5:42 AM PDT   SUNSET   8:06 PM PDT


-  INDICATES NEGATIVE NUMBERS.
R  INDICATES RECORD WAS SET OR TIED.
MM INDICATES DATA IS MISSING.
T  INDICATES TRACE AMOUNT.




$$
