000
CDUS46 KLOX 280916
CLILAX


CLIMATE REPORT
NATIONAL WEATHER SERVICE LOS ANGELES/OXNARD CA
116 AM PST SAT NOV 28 2020


...................................

...THE LOS ANGELES INTL AIRPORT CA CLIMATE SUMMARY FOR NOVEMBER 27 2020...

CLIMATE NORMAL PERIOD 1981 TO 2010
CLIMATE RECORD PERIOD 1944 TO 2020


WEATHER ITEM   OBSERVED TIME   RECORD YEAR NORMAL DEPARTURE LAST
                VALUE   (LST)  VALUE       VALUE  FROM      YEAR
                                                  NORMAL
..................................................................
TEMPERATURE (F)
 YESTERDAY
  MAXIMUM         67   1245 PM  86    2014  67      0       59
  MINIMUM         43    617 AM  40    1948  51     -8       50
  AVERAGE         55                        59     -4       55

PRECIPITATION (IN)
  YESTERDAY        0.00          1.56 1981   0.04  -0.04     0.27
  MONTH TO DATE    0.10                      0.97  -0.87     0.64
  SINCE OCT 1      0.10                      1.53  -1.43     0.64
  SINCE JAN 1      7.39                     10.63  -3.24    13.51

SNOWFALL (IN)
  YESTERDAY        0.0
  MONTH TO DATE    0.0
  SINCE SEP 1      0.0
  SINCE JUL 1      0.0

DEGREE DAYS
 HEATING
  YESTERDAY       10                         6      4       10
  MONTH TO DATE  143                       117     26       41
  SINCE SEP 1    147                       157    -10       47
  SINCE JUL 1    149                       161    -12       47

 COOLING
  YESTERDAY        0                         0      0        0
  MONTH TO DATE   22                        18      4       49
  SINCE SEP 1    357                       203    154      482
  SINCE JAN 1    881                       549    332      879
..................................................................


WIND (MPH)
  HIGHEST WIND SPEED    14   HIGHEST WIND DIRECTION     W (290)
  HIGHEST GUST SPEED    22   HIGHEST GUST DIRECTION     W (280)
  AVERAGE WIND SPEED     5.3


SKY COVER
  POSSIBLE SUNSHINE  MM
  AVERAGE SKY COVER 0.0


WEATHER CONDITIONS
 THE FOLLOWING WEATHER WAS RECORDED YESTERDAY.
  NO SIGNIFICANT WEATHER WAS OBSERVED.


RELATIVE HUMIDITY (PERCENT)
 HIGHEST    39           400 AM
 LOWEST     12          1200 PM
 AVERAGE    26

..........................................................


THE LOS ANGELES INTL AIRPORT CA CLIMATE NORMALS FOR TODAY
                         NORMAL    RECORD    YEAR
 MAXIMUM TEMPERATURE (F)   67        85      1977
 MINIMUM TEMPERATURE (F)   51        39      1945


SUNRISE AND SUNSET
NOVEMBER 28 2020......SUNRISE   639 AM PST   SUNSET   445 PM PST
NOVEMBER 29 2020......SUNRISE   639 AM PST   SUNSET   445 PM PST


-  INDICATES NEGATIVE NUMBERS.
R  INDICATES RECORD WAS SET OR TIED.
MM INDICATES DATA IS MISSING.
T  INDICATES TRACE AMOUNT.




$$
