000
CDUS43 KLBF 040717
CLILBF

CLIMATE REPORT
NATIONAL WEATHER SERVICE
117 AM CST FRI DEC 04 2020

...................................

...THE NORTH PLATTE  CLIMATE SUMMARY FOR DECEMBER 3 2020...

CLIMATE NORMAL PERIOD 1981 TO 2010
CLIMATE RECORD PERIOD 1874 TO 2020


WEATHER ITEM   OBSERVED TIME   RECORD YEAR NORMAL DEPARTURE LAST
                VALUE   (LST)  VALUE       VALUE  FROM      YEAR
                                                  NORMAL
...................................................................
TEMPERATURE (F)
 YESTERDAY
  MAXIMUM         48    400 PM  71    1959  42      6       51
  MINIMUM         11    754 AM  -8    1919  14     -3       22
                                      1978
  AVERAGE         30                        28      2       37

PRECIPITATION (IN)
  YESTERDAY        0.00          0.58 1955   0.01  -0.01     0.00
  MONTH TO DATE    0.00                      0.04  -0.04      T
  SINCE DEC 1      0.00                      0.04  -0.04      T
  SINCE JAN 1     14.03                     19.86  -5.83    27.97

SNOWFALL (IN)
  YESTERDAY        0.0           5.5  1955   0.1   -0.1      0.0
  MONTH TO DATE    T                         0.4   -0.4       T
  SINCE DEC 1      T                         0.4   -0.4       T
  SINCE JUL 1      4.5                       6.6   -2.1      9.4
  SNOW DEPTH       0

DEGREE DAYS
 HEATING
  YESTERDAY       35                        37     -2       28
  MONTH TO DATE  104                       111     -7      104
  SINCE DEC 1    104                       111     -7      104
  SINCE JUL 1   1446                      1662   -216     1680

 COOLING
  YESTERDAY        0                         0      0        0
  MONTH TO DATE    0                         0      0        0
  SINCE DEC 1      0                         0      0        0
  SINCE JAN 1   1121                       768    353      922
...................................................................


WIND (MPH)
  HIGHEST WIND SPEED    13   HIGHEST WIND DIRECTION    NW (320)
  HIGHEST GUST SPEED    18   HIGHEST GUST DIRECTION     W (290)
  AVERAGE WIND SPEED     7.3


SKY COVER
  POSSIBLE SUNSHINE  MM
  AVERAGE SKY COVER 0.0


WEATHER CONDITIONS
THE FOLLOWING WEATHER WAS RECORDED YESTERDAY.
  NO SIGNIFICANT WEATHER WAS OBSERVED.


RELATIVE HUMIDITY (PERCENT)
 HIGHEST    92           100 AM
 LOWEST     25           400 PM
 AVERAGE    59

..........................................................


THE NORTH PLATTE  CLIMATE NORMALS FOR TODAY
                         NORMAL    RECORD    YEAR
 MAXIMUM TEMPERATURE (F)   41        69      1918
 MINIMUM TEMPERATURE (F)   14        -9      1897


SUNRISE AND SUNSET
DECEMBER  4 2020......SUNRISE   752 AM CST   SUNSET   514 PM CST
DECEMBER  5 2020......SUNRISE   753 AM CST   SUNSET   514 PM CST


-  INDICATES NEGATIVE NUMBERS.
R  INDICATES RECORD WAS SET OR TIED.
MM INDICATES DATA IS MISSING.
T  INDICATES TRACE AMOUNT.




$$
