000
CDUS42 KILM 290949
CLILBT

CLIMATE REPORT
NATIONAL WEATHER SERVICE WILMINGTON NC
449 AM EST SUN NOV 29 2020

...................................

...THE LUMBERTON NORTH CAROLINA CLIMATE SUMMARY FOR NOVEMBER 28 2020...

CLIMATE NORMAL PERIOD 1981 TO 2010
CLIMATE RECORD PERIOD 1903 TO 2020


WEATHER ITEM   OBSERVED TIME   RECORD YEAR NORMAL DEPARTURE LAST
                VALUE   (LST)  VALUE       VALUE  FROM      YEAR
                                                  NORMAL
...................................................................
TEMPERATURE (F)
 YESTERDAY
  MAXIMUM         69        MM  82    1973  63      6       63
  MINIMUM         45        MM  15    1903  39      6       44
  AVERAGE         57                        51      6       54

PRECIPITATION (IN)
  YESTERDAY        0.01          1.65 1948   0.10  -0.09     0.00
  MONTH TO DATE    5.81                      2.68   3.13     2.82
  SINCE SEP 1     17.72                     10.05   7.67     8.81
  SINCE JAN 1     60.18                     40.44  19.74    35.32

SNOWFALL (IN)
  YESTERDAY       MM             2.0  1912  MM

DEGREE DAYS
 HEATING
  YESTERDAY        8                        15     -7       11
  MONTH TO DATE  185                       305   -120      409
  SINCE SEP 1    234                       437   -203      448
  SINCE JUL 1    234                       437   -203      448

 COOLING
  YESTERDAY        0                         0      0        0
  MONTH TO DATE   43                        10     33        0
  SINCE SEP 1    433                       332    101      552
  SINCE JAN 1   2078                      1904    174     2526
...................................................................


WIND (MPH)
  RESULTANT WIND SPEED  MM   RESULTANT WIND DIRECTION  MM
  HIGHEST WIND SPEED    MM   HIGHEST WIND DIRECTION    MM
  HIGHEST GUST SPEED    MM   HIGHEST GUST DIRECTION    MM
  AVERAGE WIND SPEED    MM


SKY COVER
  AVERAGE SKY COVER  MM


WEATHER CONDITIONS
THE FOLLOWING WEATHER WAS RECORDED YESTERDAY.
  NO SIGNIFICANT WEATHER WAS OBSERVED.


RELATIVE HUMIDITY (PERCENT)
 HIGHEST    MM
 LOWEST     MM
 AVERAGE    MM

..........................................................


THE LUMBERTON NORTH CAROLINA CLIMATE NORMALS FOR TODAY
                         NORMAL    RECORD    YEAR
 MAXIMUM TEMPERATURE (F)   62        80      1985
 MINIMUM TEMPERATURE (F)   38        19      1903
                                             1938


SUNRISE AND SUNSET
NOVEMBER 29 2020......SUNRISE   704 AM EST   SUNSET   506 PM EST
NOVEMBER 30 2020......SUNRISE   704 AM EST   SUNSET   506 PM EST


-  INDICATES NEGATIVE NUMBERS.
R  INDICATES RECORD WAS SET OR TIED.
MM INDICATES DATA IS MISSING.
T  INDICATES TRACE AMOUNT.




$$
