545
CDUS44 KLCH 290819
CLILCH


CLIMATE REPORT
NATIONAL WEATHER SERVICE LAKE CHARLES, LA
218 AM CST SUN NOV 29 2020


...................................

...THE LAKE CHARLES CLIMATE SUMMARY FOR NOVEMBER 28 2020...

CLIMATE NORMAL PERIOD 1981 TO 2010
CLIMATE RECORD PERIOD 1895 TO 2020


WEATHER ITEM   OBSERVED TIME   RECORD YEAR NORMAL DEPARTURE LAST
                VALUE   (LST)  VALUE       VALUE  FROM      YEAR
                                                  NORMAL
..................................................................
TEMPERATURE (F)
 YESTERDAY
  MAXIMUM         65   1248 AM  89    1912  68     -3       76
  MINIMUM         58   1036 PM  28    1992  47     11       57
                                      1938
  AVERAGE         62                        58      4       67

PRECIPITATION (IN)
  YESTERDAY        0.42          2.32 1935   0.15   0.27     0.00
  MONTH TO DATE    4.66                      4.14   0.52     1.63
  SINCE SEP 1     18.10                     14.30   3.80    12.80
  SINCE JAN 1     58.50                     52.52   5.98    65.05

SNOWFALL (IN)
  YESTERDAY        0.0           0.0    MM   0.0    0.0      0.0
  MONTH TO DATE    0.0                       0.0    0.0      0.0
  SINCE SEP 1      0.0                       0.0    0.0      0.0
  SINCE JUL 1      0.0                       0.0    0.0      0.0
  SNOW DEPTH       0

DEGREE DAYS
 HEATING
  YESTERDAY        3                         9     -6        0
  MONTH TO DATE   61                       153    -92      214
  SINCE SEP 1     88                       189   -101      245
  SINCE JUL 1     88                       189   -101      245

 COOLING
  YESTERDAY        0                         1     -1        2
  MONTH TO DATE   62                        52     10       40
  SINCE SEP 1    683                       656     27      860
  SINCE JAN 1   2962                      2785    177     3242
..................................................................


WIND (MPH)
  HIGHEST WIND SPEED    20   HIGHEST WIND DIRECTION     E (90)
  HIGHEST GUST SPEED    26   HIGHEST GUST DIRECTION     E (80)
  AVERAGE WIND SPEED     8.4


SKY COVER
  POSSIBLE SUNSHINE  MM
  AVERAGE SKY COVER 0.9


WEATHER CONDITIONS
 THE FOLLOWING WEATHER WAS RECORDED YESTERDAY.
  RAIN
  LIGHT RAIN
  FOG


RELATIVE HUMIDITY (PERCENT)
 HIGHEST   100           400 AM
 LOWEST     93          1200 AM
 AVERAGE    97

..........................................................


THE LAKE CHARLES CLIMATE NORMALS FOR TODAY
                         NORMAL    RECORD    YEAR
 MAXIMUM TEMPERATURE (F)   67        88      1912
 MINIMUM TEMPERATURE (F)   47        22      1911


SUNRISE AND SUNSET
NOVEMBER 29 2020......SUNRISE   650 AM CST   SUNSET   512 PM CST
NOVEMBER 30 2020......SUNRISE   651 AM CST   SUNSET   512 PM CST


-  INDICATES NEGATIVE NUMBERS.
R  INDICATES RECORD WAS SET OR TIED.
MM INDICATES DATA IS MISSING.
T  INDICATES TRACE AMOUNT.




$$
