790
CDUS42 KMLB 280733
CLILEE

CLIMATE REPORT
NATIONAL WEATHER SERVICE MELBOURNE FL
233 AM EST SAT NOV 28 2020

...................................

...THE LEESBURG CLIMATE SUMMARY FOR NOVEMBER 27 2020...

CLIMATE NORMAL PERIOD 1981 TO 2010
CLIMATE RECORD PERIOD 1958 TO 2020


WEATHER ITEM   OBSERVED TIME   RECORD YEAR NORMAL DEPARTURE LAST
                VALUE   (LST)  VALUE       VALUE  FROM      YEAR
                                                  NORMAL
...................................................................
TEMPERATURE (F)
 YESTERDAY
  MAXIMUM         82    303 PM  84    1973  75      7       81
                                      1978
  MINIMUM         64    713 AM  36    1962  54     10       52
  AVERAGE         73                        65      8       67

PRECIPITATION (IN)
  YESTERDAY        0.00          0.91 2013   0.09  -0.09     0.00
  MONTH TO DATE    3.70                      1.58   2.12     1.18
  SINCE SEP 1     11.69                     10.83   0.86     6.76
  SINCE JAN 1     37.15                     48.37 -11.22    37.76

SNOWFALL (IN)
  YESTERDAY        0.0
  MONTH TO DATE    0.0
  SINCE JUL 1      0.0

DEGREE DAYS
 HEATING
  YESTERDAY        0                         3     -3        0
  MONTH TO DATE    3                        47    -44       47
  SINCE SEP 1      3                        53    -50       47
  SINCE JUL 1      3                        53    -50       47

 COOLING
  YESTERDAY        8                         3      5        2
  MONTH TO DATE  193                       111     82      116
  SINCE SEP 1   1152                       911    241     1170
  SINCE JAN 1   4090                      3271    819     3826
...................................................................


WIND (MPH)
  HIGHEST WIND SPEED     8   HIGHEST WIND DIRECTION     S (170)
  HIGHEST GUST SPEED    10   HIGHEST GUST DIRECTION     S (170)
  AVERAGE WIND SPEED     2.4


SKY COVER
  AVERAGE SKY COVER 0.2


WEATHER CONDITIONS
THE FOLLOWING WEATHER WAS RECORDED YESTERDAY.
  FOG


RELATIVE HUMIDITY (PERCENT)
 HIGHEST   100           300 AM
 LOWEST     54           300 PM
 AVERAGE    77

..........................................................


THE LEESBURG CLIMATE NORMALS FOR TODAY
                         NORMAL    RECORD    YEAR
 MAXIMUM TEMPERATURE (F)   75        86      1973
 MINIMUM TEMPERATURE (F)   54        36      2013


SUNRISE AND SUNSET
NOVEMBER 28 2020......SUNRISE   701 AM EST   SUNSET   530 PM EST
NOVEMBER 29 2020......SUNRISE   702 AM EST   SUNSET   530 PM EST


-  INDICATES NEGATIVE NUMBERS.
R  INDICATES RECORD WAS SET OR TIED.
MM INDICATES DATA IS MISSING.
T  INDICATES TRACE AMOUNT.




$$
