000
CDUS42 KMLB 130623
CLILEE

CLIMATE REPORT
NATIONAL WEATHER SERVICE MELBOURNE FL
223 AM EDT SUN JUN 13 2021

...................................

...THE LEESBURG CLIMATE SUMMARY FOR JUNE 12 2021...

CLIMATE NORMAL PERIOD 1991 TO 2020
CLIMATE RECORD PERIOD 1958 TO 2021


WEATHER ITEM   OBSERVED TIME   RECORD YEAR NORMAL DEPARTURE LAST
                VALUE   (LST)  VALUE       VALUE  FROM      YEAR
                                                  NORMAL
...................................................................
TEMPERATURE (F)
 YESTERDAY
  MAXIMUM         91    334 PM  98    1977  91      0       90
                                      1998
  MINIMUM         74    536 AM  61    1960  73      1       72
  AVERAGE         83                        82      1       81

PRECIPITATION (IN)
  YESTERDAY        0.00          1.24 1999   0.24  -0.24     0.00
  MONTH TO DATE    2.92                      2.45   0.47     2.44
  SINCE JUN 1      2.92                      2.45   0.47     2.44
  SINCE JAN 1     15.73                     14.98   0.75    10.91

SNOWFALL (IN)
  YESTERDAY        0.0
  MONTH TO DATE    0.0
  SINCE JUL 1      0.0

DEGREE DAYS
 HEATING
  YESTERDAY        0                         0      0        0
  MONTH TO DATE    0                         0      0        0
  SINCE JUN 1      0                         0      0        0
  SINCE JUL 1    568                       630    -62      343

 COOLING
  YESTERDAY       18                        17      1       16
  MONTH TO DATE  211                       195     16      195
  SINCE JUN 1    211                       195     16      195
  SINCE JAN 1   1159                      1037    122     1452
...................................................................


WIND (MPH)
  HIGHEST WIND SPEED    17   HIGHEST WIND DIRECTION     W (280)
  HIGHEST GUST SPEED    23   HIGHEST GUST DIRECTION     W (290)
  AVERAGE WIND SPEED     6.4


SKY COVER
  AVERAGE SKY COVER 0.2


WEATHER CONDITIONS
THE FOLLOWING WEATHER WAS RECORDED YESTERDAY.
  NO SIGNIFICANT WEATHER WAS OBSERVED.


RELATIVE HUMIDITY (PERCENT)
 HIGHEST    94           600 AM
 LOWEST     45           400 PM
 AVERAGE    70

..........................................................


THE LEESBURG CLIMATE NORMALS FOR TODAY
                         NORMAL    RECORD    YEAR
 MAXIMUM TEMPERATURE (F)   91        98      1977
 MINIMUM TEMPERATURE (F)   73        61      1960


SUNRISE AND SUNSET
JUNE 13 2021..........SUNRISE   628 AM EDT   SUNSET   826 PM EDT
JUNE 14 2021..........SUNRISE   629 AM EDT   SUNSET   827 PM EDT


-  INDICATES NEGATIVE NUMBERS.
R  INDICATES RECORD WAS SET OR TIED.
MM INDICATES DATA IS MISSING.
T  INDICATES TRACE AMOUNT.




$$
