000
CDUS44 KSHV 260842
CLILFK

CLIMATE REPORT
NATIONAL WEATHER SERVICE SHREVEPORT, LA
242 AM CST THU NOV 26 2020

...................................

...THE LUFKIN CLIMATE SUMMARY FOR NOVEMBER 25 2020...

CLIMATE NORMAL PERIOD: 1981 TO 2010
CLIMATE RECORD PERIOD: 1906 TO 2020


WEATHER ITEM   OBSERVED TIME   RECORD YEAR NORMAL DEPARTURE LAST
                VALUE   (LST)  VALUE       VALUE  FROM      YEAR
                                                  NORMAL
...................................................................
TEMPERATURE (F)
 YESTERDAY
  MAXIMUM         74   2:21 AM  87    1945  66      8       76
  MINIMUM         45  11:54 PM  19    1938  44      1       43
  AVERAGE         60                        55      5       60

PRECIPITATION (IN)
  YESTERDAY        0.70          6.19 1940   0.16   0.54     0.00
  MONTH TO DATE    0.79                      4.18  -3.39     1.15
  SINCE SEP 1      6.03                     13.09  -7.06    11.75
  SINCE JAN 1     35.54                     43.68  -8.14    39.85

SNOWFALL (IN)
  YESTERDAY        0.0
  MONTH TO DATE    0.0
  SINCE SEP 1      0.0
  SINCE JUL 1      0.0
  SNOW DEPTH       0

DEGREE DAYS
 HEATING
  YESTERDAY        5                        11     -6        5
  MONTH TO DATE   79                       183   -104      291
  SINCE SEP 1    145                       249   -104      374
  SINCE JUL 1    145                       249   -104      374

 COOLING
  YESTERDAY        0                         1     -1        0
  MONTH TO DATE   51                        35     16       17
  SINCE SEP 1    618                       556     62      698
  SINCE JAN 1   2903                      2579    324     2644
...................................................................


WIND (MPH)
  HIGHEST WIND SPEED    24   HIGHEST WIND DIRECTION    NW (300)
  HIGHEST GUST SPEED    33   HIGHEST GUST DIRECTION    NW (300)
  AVERAGE WIND SPEED     4.8


SKY COVER
  POSSIBLE SUNSHINE  MM
  AVERAGE SKY COVER 0.4


WEATHER CONDITIONS
THE FOLLOWING WEATHER WAS RECORDED YESTERDAY.
  THUNDERSTORM
  HEAVY RAIN
  RAIN
  LIGHT RAIN
  FOG


RELATIVE HUMIDITY (PERCENT)
 HIGHEST    93           3:00 AM
 LOWEST     45           2:00 PM
 AVERAGE    69

..........................................................


THE LUFKIN CLIMATE NORMALS FOR TODAY
                         NORMAL    RECORD    YEAR
 MAXIMUM TEMPERATURE (F)   66        88      1965
 MINIMUM TEMPERATURE (F)   44        24      1938


SUNRISE AND SUNSET
NOVEMBER 26 2020......SUNRISE   6:56 AM CST   SUNSET   5:17 PM CST
NOVEMBER 27 2020......SUNRISE   6:57 AM CST   SUNSET   5:16 PM CST


-  INDICATES NEGATIVE NUMBERS.
R  INDICATES RECORD WAS SET OR TIED.
MM INDICATES DATA IS MISSING.
T  INDICATES TRACE AMOUNT.




$$
