000
CDUS44 KLCH 040816
CLILFT

CLIMATE REPORT
NATIONAL WEATHER SERVICE LAKE CHARLES, LA
216 AM CST FRI DEC 04 2020

...................................

...THE LAFAYETTE CLIMATE SUMMARY FOR DECEMBER 3 2020...

CLIMATE NORMAL PERIOD: 1981 TO 2010
CLIMATE RECORD PERIOD: 1893 TO 2020


WEATHER ITEM   OBSERVED TIME   RECORD YEAR NORMAL DEPARTURE LAST
                VALUE   (LST)  VALUE       VALUE  FROM      YEAR
                                                  NORMAL
...................................................................
TEMPERATURE (F)
 YESTERDAY
  MAXIMUM         64  12:00 PM  86    1933  67     -3       61
  MINIMUM         51  11:59 PM  25    1929  47      4       35
  AVERAGE         58                        57      1       48

PRECIPITATION (IN)
  YESTERDAY        0.06          5.05 1982   0.16  -0.10     0.00
  MONTH TO DATE    0.06                      0.50  -0.44     0.15
  SINCE DEC 1      0.06                      0.50  -0.44     0.15
  SINCE JAN 1     56.62                     55.42   1.20    64.81

SNOWFALL (IN)
  YESTERDAY        0.0           0.0    MM   0.0    0.0      0.0
  MONTH TO DATE    0.0                       0.0    0.0      0.0
  SINCE DEC 1      0.0                       0.0    0.0      0.0
  SINCE JUL 1      0.0                       0.0    0.0      0.0
  SNOW DEPTH       0

DEGREE DAYS
 HEATING
  YESTERDAY        7                         9     -2       17
  MONTH TO DATE   42                        27     15       36
  SINCE DEC 1     42                        27     15       36
  SINCE JUL 1    151                       226    -75      323
...................................................................


WIND (MPH)
  HIGHEST WIND SPEED    16   HIGHEST WIND DIRECTION     N (360)
  HIGHEST GUST SPEED    21   HIGHEST GUST DIRECTION     N (20)
  AVERAGE WIND SPEED     8.7


SKY COVER
  POSSIBLE SUNSHINE  MM
  AVERAGE SKY COVER 0.9


WEATHER CONDITIONS
THE FOLLOWING WEATHER WAS RECORDED YESTERDAY.
  LIGHT RAIN
  FOG


RELATIVE HUMIDITY (PERCENT)
 HIGHEST    90           7:00 AM
 LOWEST     63          12:00 PM
 AVERAGE    77

..........................................................


THE LAFAYETTE CLIMATE NORMALS FOR TODAY
                         NORMAL    RECORD    YEAR
 MAXIMUM TEMPERATURE (F)   67        84      1922
                                             1928
 MINIMUM TEMPERATURE (F)   46        24      1929


SUNRISE AND SUNSET
DECEMBER  4 2020......SUNRISE   6:49 AM CST   SUNSET   5:07 PM CST
DECEMBER  5 2020......SUNRISE   6:50 AM CST   SUNSET   5:07 PM CST


-  INDICATES NEGATIVE NUMBERS.
R  INDICATES RECORD WAS SET OR TIED.
MM INDICATES DATA IS MISSING.
T  INDICATES TRACE AMOUNT.




$$
