000
CDUS41 KOKX 040635
CLILGA


CLIMATE REPORT
NATIONAL WEATHER SERVICE NEW YORK NY
135 AM EST FRI DEC 4 2020


...................................

...THE LAGUARDIA NY CLIMATE SUMMARY FOR DECEMBER 3 2020...

CLIMATE NORMAL PERIOD 1981 TO 2010
CLIMATE RECORD PERIOD 1939 TO 2020


WEATHER ITEM   OBSERVED TIME   RECORD YEAR NORMAL DEPARTURE LAST
                VALUE   (LST)  VALUE       VALUE  FROM      YEAR
                                                  NORMAL
..................................................................
TEMPERATURE (F)
 YESTERDAY
  MAXIMUM         52    141 PM  69    1998  48      4       38
  MINIMUM         37    723 AM  11    1976  36      1       32
  AVERAGE         45                        42      3       35

PRECIPITATION (IN)
  YESTERDAY        T             1.48 1967   0.13  -0.13      T
  MONTH TO DATE    T                         0.38  -0.38     0.96
  SINCE DEC 1      T                         0.38  -0.38     0.96
  SINCE JAN 1     38.43                     41.55  -3.12    44.65

SNOWFALL (IN)
  YESTERDAY       MM             0.6  1957   0.0   MM        0.1
  MONTH TO DATE    0.0                       0.2   -0.2      0.6
  SINCE OCT 1      0.0                       0.5   -0.5      0.6
  SINCE JUL 1      0.0                       0.5   -0.5      0.6
  SNOW DEPTH       0

DEGREE DAYS
 HEATING
  YESTERDAY       20                        23     -3       30
  MONTH TO DATE   58                        67     -9       88
  SINCE DEC 1     58                        67     -9       88
  SINCE JUL 1    571                       842   -271      849

 COOLING
  YESTERDAY        0                         0      0        0
  MONTH TO DATE    0                         0      0        0
  SINCE DEC 1      0                         0      0        0
  SINCE JAN 1   1652                      1214    438     1484
..................................................................


WIND (MPH)
  HIGHEST WIND SPEED    16   HIGHEST WIND DIRECTION    SW (230)
  HIGHEST GUST SPEED    23   HIGHEST GUST DIRECTION     W (250)
  AVERAGE WIND SPEED    10.1


SKY COVER
  AVERAGE SKY COVER 0.5


WEATHER CONDITIONS
 THE FOLLOWING WEATHER WAS RECORDED YESTERDAY.
  NO SIGNIFICANT WEATHER WAS OBSERVED.


RELATIVE HUMIDITY (PERCENT)
 HIGHEST    59           500 AM
 LOWEST     24           700 PM
 AVERAGE    42

..........................................................


THE LAGUARDIA NY CLIMATE NORMALS FOR TODAY
                         NORMAL    RECORD    YEAR
 MAXIMUM TEMPERATURE (F)   48        74      1998
 MINIMUM TEMPERATURE (F)   36        12      1940


SUNRISE AND SUNSET
DECEMBER  4 2020......SUNRISE   704 AM EST   SUNSET   428 PM EST
DECEMBER  5 2020......SUNRISE   705 AM EST   SUNSET   428 PM EST


-  INDICATES NEGATIVE NUMBERS.
R  INDICATES RECORD WAS SET OR TIED.
MM INDICATES DATA IS MISSING.
T  INDICATES TRACE AMOUNT.




$$
