000
CDUS46 KLOX 040905
CLILGB


CLIMATE REPORT
NATIONAL WEATHER SERVICE LOS ANGELES/OXNARD CA
104 AM PST FRI DEC 4 2020


...................................

...THE LONG BEACH AIRPORT CA CLIMATE SUMMARY FOR DECEMBER 3 2020...

CLIMATE NORMAL PERIOD 1981 TO 2010
CLIMATE RECORD PERIOD 1958 TO 2020


WEATHER ITEM   OBSERVED TIME   RECORD YEAR NORMAL DEPARTURE LAST
                VALUE   (LST)  VALUE       VALUE  FROM      YEAR
                                                  NORMAL
..................................................................
TEMPERATURE (F)
 YESTERDAY
  MAXIMUM         75    309 PM  92    1958  68      7       64
  MINIMUM         49   1159 PM  37    1973  47      2       51
  AVERAGE         62                        57      5       58

PRECIPITATION (IN)
  YESTERDAY        0.00          1.64 1966   0.05  -0.05      T
  MONTH TO DATE    0.00                      0.14  -0.14      T
  SINCE OCT 1      0.07                      1.77  -1.70     2.86
  SINCE JAN 1      6.79                     10.45  -3.66    16.88

SNOWFALL (IN)
  YESTERDAY        0.0
  MONTH TO DATE    0.0
  SINCE DEC 1      0.0
  SINCE JUL 1      0.0

DEGREE DAYS
 HEATING
  YESTERDAY        3                         8     -5        7
  MONTH TO DATE   15                        23     -8       23
  SINCE DEC 1     15                        23     -8       23
  SINCE JUL 1    145                       172    -27      134

 COOLING
  YESTERDAY        0                         0      0        0
  MONTH TO DATE    0                         0      0        0
  SINCE DEC 1      0                         0      0        0
  SINCE JAN 1   1487                      1125    362     1418
..................................................................


WIND (MPH)
  HIGHEST WIND SPEED    24   HIGHEST WIND DIRECTION     E (80)
  HIGHEST GUST SPEED    36   HIGHEST GUST DIRECTION     E (90)
  AVERAGE WIND SPEED     7.4


SKY COVER
  POSSIBLE SUNSHINE  MM
  AVERAGE SKY COVER 0.1


WEATHER CONDITIONS
 THE FOLLOWING WEATHER WAS RECORDED YESTERDAY.
  HAZE


RELATIVE HUMIDITY (PERCENT)
 HIGHEST    28           900 PM
 LOWEST      7          1200 PM
 AVERAGE    18

..........................................................


THE LONG BEACH AIRPORT CA CLIMATE NORMALS FOR TODAY
                         NORMAL    RECORD    YEAR
 MAXIMUM TEMPERATURE (F)   68        89      1979
 MINIMUM TEMPERATURE (F)   47        38      2011
                                             1973


SUNRISE AND SUNSET
DECEMBER  4 2020......SUNRISE   642 AM PST   SUNSET   444 PM PST
DECEMBER  5 2020......SUNRISE   643 AM PST   SUNSET   444 PM PST


-  INDICATES NEGATIVE NUMBERS.
R  INDICATES RECORD WAS SET OR TIED.
MM INDICATES DATA IS MISSING.
T  INDICATES TRACE AMOUNT.




$$
