199
CDHW41 PHFO 130244
CLILIH

CLIMATE REPORT
NATIONAL WEATHER SERVICE HONOLULU HI
444 PM HST SAT JUN 12 2021

...................................

...THE LIHUE HI CLIMATE SUMMARY FOR JUNE 12 2021...
VALID TODAY AS OF 0425 PM LOCAL TIME.

CLIMATE NORMAL PERIOD 1991 TO 2020
CLIMATE RECORD PERIOD 1950 TO 2021


WEATHER ITEM   OBSERVED TIME   RECORD YEAR NORMAL DEPARTURE LAST
                VALUE   (LST)  VALUE       VALUE  FROM      YEAR
                                                  NORMAL
...................................................................
TEMPERATURE (F)
 TODAY
  MAXIMUM         82    334 PM  86    1960  83     -1       85
  MINIMUM         71    747 AM  67    1963  73     -2       75
                                      1969
                                      1987
  AVERAGE         77                        78     -1       80

PRECIPITATION (IN)
  TODAY            0.19          1.01 2008   0.05   0.14     0.02
  MONTH TO DATE    0.59                      0.65  -0.06     0.49
  SINCE JUN 1      0.59                      0.65  -0.06     0.49
  SINCE JAN 1     20.29                     16.88   3.41    23.46

SNOWFALL (IN)
  TODAY           MM
  MONTH TO DATE   MM
  SINCE JUN 1     MM
  SINCE JUL 1      0.0
  SNOW DEPTH      MM

DEGREE DAYS
 HEATING
  TODAY            0                         0      0        0
  MONTH TO DATE    0                         0      0        0
  SINCE JUN 1      0                         0      0        0
  SINCE JUL 1      0                         0      0        0

 COOLING
  TODAY           12                        13     -1       15
  MONTH TO DATE  167                       154     13      162
  SINCE JUN 1    167                       154     13      162
  SINCE JAN 1   1549                      1464     85     1609
...................................................................


WIND (MPH)
  HIGHEST WIND SPEED    25   HIGHEST WIND DIRECTION     E (90)
  HIGHEST GUST SPEED    28   HIGHEST GUST DIRECTION     E (90)
  AVERAGE WIND SPEED    16.0


SKY COVER
  POSSIBLE SUNSHINE  MM
  AVERAGE SKY COVER 0.9


WEATHER CONDITIONS
THE FOLLOWING WEATHER WAS RECORDED TODAY.
  HEAVY RAIN
  RAIN
  LIGHT RAIN
  FOG


RELATIVE HUMIDITY (PERCENT)
 HIGHEST    97           400 AM
 LOWEST     65           300 PM
 AVERAGE    81

..........................................................


THE LIHUE HI CLIMATE NORMALS FOR TOMORROW
                         NORMAL    RECORD    YEAR
 MAXIMUM TEMPERATURE (F)   83        87      1979
 MINIMUM TEMPERATURE (F)   73        66      1963


SUNRISE AND SUNSET
JUNE 12 2021..........SUNRISE   554 AM HST   SUNSET   721 PM HST
JUNE 13 2021..........SUNRISE   554 AM HST   SUNSET   722 PM HST


-  INDICATES NEGATIVE NUMBERS.
R  INDICATES RECORD WAS SET OR TIED.
MM INDICATES DATA IS MISSING.
T  INDICATES TRACE AMOUNT.




$$
