000
CDHW41 PHFO 281245
CLILIH


CLIMATE REPORT
NATIONAL WEATHER SERVICE HONOLULU HI
245 AM HST SAT NOV 28 2020


...................................

...THE LIHUE HI CLIMATE SUMMARY FOR NOVEMBER 27 2020...

CLIMATE NORMAL PERIOD 1981 TO 2010
CLIMATE RECORD PERIOD 1950 TO 2020


WEATHER ITEM   OBSERVED TIME   RECORD YEAR NORMAL DEPARTURE LAST
                VALUE   (LST)  VALUE       VALUE  FROM      YEAR
                                                  NORMAL
..................................................................
TEMPERATURE (F)
 YESTERDAY
  MAXIMUM         82    113 PM  85    1980  80      2       84
                                      1977
  MINIMUM         75   1024 PM  60    1972  70      5       73
  AVERAGE         79                        75      4       79

PRECIPITATION (IN)
  YESTERDAY        T             3.63 1954   0.14  -0.14     0.10
  MONTH TO DATE    4.89                      4.00   0.89     4.75
  SINCE SEP 1      8.54                      9.94  -1.40    13.34
  SINCE JAN 1     38.17                     31.39   6.78    31.03

SNOWFALL (IN)
  YESTERDAY        0.0
  MONTH TO DATE    0.0
  SINCE SEP 1      0.0
  SINCE JUL 1      0.0
  SNOW DEPTH      MM

DEGREE DAYS
 HEATING
  YESTERDAY        0                         0      0        0
  MONTH TO DATE    0                         0      0        0
  SINCE SEP 1      0                         0      0        0
  SINCE JUL 1      0                         0      0        0

 COOLING
  YESTERDAY       14                        10      4       14
  MONTH TO DATE  324                       296     28      334
  SINCE SEP 1   1139                      1137      2     1325
  SINCE JAN 1   3872                      3663    209     4172
..................................................................


WIND (MPH)
  HIGHEST WIND SPEED    26   HIGHEST WIND DIRECTION    NE (40)
  HIGHEST GUST SPEED    31   HIGHEST GUST DIRECTION    NE (30)
  AVERAGE WIND SPEED    20.2


SKY COVER
  POSSIBLE SUNSHINE  MM
  AVERAGE SKY COVER  MM


WEATHER CONDITIONS
 THE FOLLOWING WEATHER WAS RECORDED YESTERDAY.
  NO SIGNIFICANT WEATHER WAS OBSERVED.


RELATIVE HUMIDITY (PERCENT)
 HIGHEST    MM
 LOWEST     MM
 AVERAGE    MM

..........................................................


THE LIHUE HI CLIMATE NORMALS FOR TODAY
                         NORMAL    RECORD    YEAR
 MAXIMUM TEMPERATURE (F)   80        86      1980
 MINIMUM TEMPERATURE (F)   70        61      1972


SUNRISE AND SUNSET
NOVEMBER 28 2020......SUNRISE   658 AM HST   SUNSET   553 PM HST
NOVEMBER 29 2020......SUNRISE   659 AM HST   SUNSET   553 PM HST


-  INDICATES NEGATIVE NUMBERS.
R  INDICATES RECORD WAS SET OR TIED.
MM INDICATES DATA IS MISSING.
T  INDICATES TRACE AMOUNT.




$$
