092
CDUS44 KLZK 282159
CLILIT


CLIMATE REPORT
NATIONAL WEATHER SERVICE LITTLE ROCK AR
359 PM CST SAT NOV 28 2020


...................................

...THE LITTLE ROCK ADAMS FIELD CLIMATE SUMMARY FOR NOVEMBER 28 2020...
VALID TODAY AS OF 0300 PM LOCAL TIME.

CLIMATE NORMAL PERIOD 1981 TO 2010
CLIMATE RECORD PERIOD 1874 TO 2020


WEATHER ITEM   OBSERVED TIME   RECORD YEAR NORMAL DEPARTURE LAST
                VALUE   (LST)  VALUE       VALUE  FROM      YEAR
                                                  NORMAL
..................................................................
TEMPERATURE (F)
 TODAY
  MAXIMUM         57    111 PM  79    1970  58     -1       48
  MINIMUM         39    510 AM  19    1887  38      1       39
  AVERAGE         48                        48      0       44

PRECIPITATION (IN)
  TODAY            0.00          3.33 1905   0.19  -0.19     0.12
  MONTH TO DATE    1.81                      4.89  -3.08     4.10
  SINCE SEP 1      9.07                     12.98  -3.91    12.48
  SINCE JAN 1     54.98                     44.39  10.59    58.74

SNOWFALL (IN)
  TODAY            0.0           1.0  1952   0.0    0.0     MM
  MONTH TO DATE    0.0                       0.0    0.0       T
  SINCE SEP 1      0.0                       0.0    0.0       T
  SINCE JUL 1      0.0                       0.0    0.0       T
  SNOW DEPTH       0

DEGREE DAYS
 HEATING
  TODAY           17                        17      0       21
  MONTH TO DATE  264                       346    -82      499
  SINCE SEP 1    452                       478    -26      677
  SINCE JUL 1    452                       478    -26      677

 COOLING
  TODAY            0                         0      0        0
  MONTH TO DATE   10                         9      1        0
  SINCE SEP 1    332                       402    -70      591
  SINCE JAN 1   1935                      2203   -268     2248
..................................................................


WIND (MPH)
  HIGHEST WIND SPEED    16   HIGHEST WIND DIRECTION     E (70)
  HIGHEST GUST SPEED    21   HIGHEST GUST DIRECTION    NE (50)
  AVERAGE WIND SPEED     9.1


SKY COVER
  POSSIBLE SUNSHINE  MM
  AVERAGE SKY COVER 0.3


WEATHER CONDITIONS
 THE FOLLOWING WEATHER WAS RECORDED TODAY.
  NO SIGNIFICANT WEATHER WAS OBSERVED.


RELATIVE HUMIDITY (PERCENT)
 HIGHEST    79           500 AM
 LOWEST     38           100 PM
 AVERAGE    59

..........................................................


THE LITTLE ROCK ADAMS FIELD CLIMATE NORMALS FOR TOMORROW
                         NORMAL    RECORD    YEAR
 MAXIMUM TEMPERATURE (F)   57        77      1927
 MINIMUM TEMPERATURE (F)   38        17      1976


SUNRISE AND SUNSET
NOVEMBER 28 2020......SUNRISE   656 AM CST   SUNSET   458 PM CST
NOVEMBER 29 2020......SUNRISE   657 AM CST   SUNSET   458 PM CST


-  INDICATES NEGATIVE NUMBERS.
R  INDICATES RECORD WAS SET OR TIED.
MM INDICATES DATA IS MISSING.
T  INDICATES TRACE AMOUNT.




$$
