000
CDUS45 KPIH 040730
CLILLJ

CLIMATE REPORT
NATIONAL WEATHER SERVICE POCATELLO ID
1230 AM MST FRI DEC 04 2020

...................................

...THE CHALLIS ID CLIMATE SUMMARY FOR DECEMBER 3 2020...

CLIMATE NORMAL PERIOD 1981 TO 2010
CLIMATE RECORD PERIOD 1895 TO 2020


WEATHER ITEM   OBSERVED TIME   RECORD YEAR NORMAL DEPARTURE LAST
                VALUE   (LST)  VALUE       VALUE  FROM      YEAR
                                                  NORMAL
...................................................................
TEMPERATURE (F)
 YESTERDAY
  MAXIMUM         33    333 PM  68    1897  30      3       29
  MINIMUM          7    827 AM  -9    1984  12     -5        4
  AVERAGE         20                        21     -1       17

PRECIPITATION (IN)
  YESTERDAY        0.00          0.27 1985   0.03  -0.03     0.00
  MONTH TO DATE    0.00                      0.08  -0.08     0.11
  SINCE OCT 1      0.81                      1.27  -0.46     0.91
  SINCE JAN 1      6.53                      9.40  -2.87     6.43

SNOWFALL (IN)
  YESTERDAY       MM
  MONTH TO DATE   MM
  SINCE DEC 1     MM
  SINCE JUL 1     MM
  SNOW DEPTH      MM

DEGREE DAYS
 HEATING
  YESTERDAY       45                        44      1       48
  MONTH TO DATE  129                       130     -1      145
  SINCE DEC 1    129                       130     -1      145
  SINCE JUL 1   1877                      2173   -296     2274

 COOLING
  YESTERDAY        0                         0      0        0
  MONTH TO DATE    0                         0      0        0
  SINCE DEC 1      0                         0      0        0
  SINCE JAN 1    428                       248    180      339
...................................................................


WIND (MPH)
  HIGHEST WIND SPEED     6   HIGHEST WIND DIRECTION     S (160)
  HIGHEST GUST SPEED     7   HIGHEST GUST DIRECTION     S (160)
  AVERAGE WIND SPEED     0.6


SKY COVER
  POSSIBLE SUNSHINE  MM
  AVERAGE SKY COVER 0.0


WEATHER CONDITIONS
THE FOLLOWING WEATHER WAS RECORDED YESTERDAY.
  NO SIGNIFICANT WEATHER WAS OBSERVED.


RELATIVE HUMIDITY (PERCENT)
 HIGHEST    76           400 AM
 LOWEST     39           300 PM
 AVERAGE    58

..........................................................


THE CHALLIS ID CLIMATE NORMALS FOR TODAY
                         NORMAL    RECORD    YEAR
 MAXIMUM TEMPERATURE (F)   30        66      1897
 MINIMUM TEMPERATURE (F)   12       -13      1984


SUNRISE AND SUNSET
DECEMBER  4 2020......SUNRISE   757 AM MST   SUNSET   457 PM MST
DECEMBER  5 2020......SUNRISE   758 AM MST   SUNSET   457 PM MST


-  INDICATES NEGATIVE NUMBERS.
R  INDICATES RECORD WAS SET OR TIED.
MM INDICATES DATA IS MISSING.
T  INDICATES TRACE AMOUNT.




$$
