000
CDUS46 KMFR 260832
CLILMT

CLIMATE REPORT
NATIONAL WEATHER SERVICE MEDFORD, OR
1232 AM PST THU NOV 26 2020

...................................

...THE KLAMATH FALLS OR CLIMATE SUMMARY FOR NOVEMBER 25 2020...

CLIMATE NORMAL PERIOD 1981 TO 2010
CLIMATE RECORD PERIOD 1928 TO 2020


WEATHER ITEM   OBSERVED TIME   RECORD YEAR NORMAL DEPARTURE LAST
                VALUE   (LST)  VALUE       VALUE  FROM      YEAR
                                                  NORMAL
...................................................................
TEMPERATURE (F)
 YESTERDAY
  MAXIMUM         38    324 PM  63    1949  42     -4       41
  MINIMUM         23   1118 PM   1    1993  23      0       22
                                      2010
  AVERAGE         31                        32     -1       32

PRECIPITATION (IN)
  YESTERDAY        0.02          1.25 1960   0.08  -0.06     0.00
  MONTH TO DATE    1.58                      1.79  -0.21     0.06
  SINCE OCT 1      1.64                      2.84  -1.20     0.45
  SINCE JAN 1      5.85                     13.11  -7.26    10.66

SNOWFALL (IN)
  YESTERDAY       MM                        MM     MM       MM
  MONTH TO DATE   MM                         0.0   MM       MM
  SINCE JUL 1     MM                        MM     MM        0.0
  SNOW DEPTH      MM

DEGREE DAYS
 HEATING
  YESTERDAY       34                        33      1       33
  MONTH TO DATE  684                       720    -36      591
  SINCE SEP 1   1268                      1517   -249     1568
  SINCE JUL 1   1336                      1636   -300     1643

 COOLING
  YESTERDAY        0                         0      0        0
  MONTH TO DATE    0                         0      0        0
  SINCE SEP 1     45                        10     35       11
  SINCE JAN 1    304                       169    135      165
...................................................................


WIND (MPH)
  HIGHEST WIND SPEED    23   HIGHEST WIND DIRECTION     W (290)
  HIGHEST GUST SPEED    29   HIGHEST GUST DIRECTION     W (290)
  AVERAGE WIND SPEED     8.1


SKY COVER
  POSSIBLE SUNSHINE  MM
  AVERAGE SKY COVER 0.6


WEATHER CONDITIONS
THE FOLLOWING WEATHER WAS RECORDED YESTERDAY.
  LIGHT RAIN
  LIGHT SNOW
  FOG


RELATIVE HUMIDITY (PERCENT)
 HIGHEST    96           800 PM
 LOWEST     72           600 PM

..........................................................


THE KLAMATH FALLS OR CLIMATE NORMALS FOR TODAY
                         NORMAL    RECORD    YEAR
 MAXIMUM TEMPERATURE (F)   41        60      1950
 MINIMUM TEMPERATURE (F)   23         3      2015


SUNRISE AND SUNSET
NOVEMBER 26 2020......SUNRISE   711 AM PST   SUNSET   438 PM PST
NOVEMBER 27 2020......SUNRISE   712 AM PST   SUNSET   437 PM PST


-  INDICATES NEGATIVE NUMBERS.
R  INDICATES RECORD WAS SET OR TIED.
MM INDICATES DATA IS MISSING.
T  INDICATES TRACE AMOUNT.




$$
