861
CDUS45 KRIW 260828
CLILND

CLIMATE REPORT
NATIONAL WEATHER SERVICE RIVERTON WY
128 AM MST THU NOV 26 2020

...................................

...THE LANDER WY CLIMATE SUMMARY FOR NOVEMBER 25 2020...

CLIMATE NORMAL PERIOD: 1981 TO 2010
CLIMATE RECORD PERIOD: 1891 TO 2020


WEATHER ITEM   OBSERVED TIME   RECORD YEAR NORMAL DEPARTURE LAST
                VALUE   (LST)  VALUE       VALUE  FROM      YEAR
                                                  NORMAL
...................................................................
TEMPERATURE (F)
 YESTERDAY
  MAXIMUM         44   3:55 PM  67    1949  37      7       40
  MINIMUM         15   8:26 AM -15    1918  15      0       22
                                      1993
  AVERAGE         30                        26      4

PRECIPITATION (IN)
  YESTERDAY        0.00          0.56 1983   0.03  -0.03     0.37
  MONTH TO DATE    0.18                      0.74  -0.56     1.32
  SINCE SEP 1      1.52                      3.08  -1.56     3.67
  SINCE JAN 1      6.74                     11.96  -5.22    15.92

SNOWFALL (IN)
  YESTERDAY        0.0                       0.5   -0.5      4.0
  MONTH TO DATE    T                        10.9  -10.9      9.8
  SINCE SEP 1     12.5                      23.4  -10.9     22.6
  SINCE JUL 1     12.5                      23.4  -10.9     22.6
  SNOW DEPTH       0

DEGREE DAYS
 HEATING
  YESTERDAY       35                        39     -4       34
  MONTH TO DATE  682                       810   -128      779
  SINCE SEP 1   1507                      1631   -124     1830
  SINCE JUL 1   1526                      1671   -145     1839

 COOLING
  YESTERDAY        0                         0      0        0
  MONTH TO DATE    0                         0      0        0
  SINCE SEP 1     49                        27     22       61
  SINCE JAN 1    686                       472    214      458
...................................................................


WIND (MPH)
  HIGHEST WIND SPEED    21   HIGHEST WIND DIRECTION     W (260)
  HIGHEST GUST SPEED    28   HIGHEST GUST DIRECTION     W (280)
  AVERAGE WIND SPEED     6.7


SKY COVER
  POSSIBLE SUNSHINE  MM
  AVERAGE SKY COVER 0.0


WEATHER CONDITIONS
THE FOLLOWING WEATHER WAS RECORDED YESTERDAY.
  NO SIGNIFICANT WEATHER WAS OBSERVED.


RELATIVE HUMIDITY (PERCENT)
 HIGHEST    68           9:00 AM
 LOWEST     30           3:00 PM
 AVERAGE    49

..........................................................


THE LANDER WY CLIMATE NORMALS FOR TODAY
                         NORMAL    RECORD    YEAR
 MAXIMUM TEMPERATURE (F)   36        63      2017
 MINIMUM TEMPERATURE (F)   14       -13      1918


SUNRISE AND SUNSET
NOVEMBER 26 2020......SUNRISE   7:21 AM MST   SUNSET   4:44 PM MST
NOVEMBER 27 2020......SUNRISE   7:22 AM MST   SUNSET   4:43 PM MST


-  INDICATES NEGATIVE NUMBERS.
R  INDICATES RECORD WAS SET OR TIED.
MM INDICATES DATA IS MISSING.
T  INDICATES TRACE AMOUNT.




$$
