434
CDUS43 KOAX 290646
CLILNK

CLIMATE REPORT
NATIONAL WEATHER SERVICE OMAHA/VALLEY NE
1246 AM CST SUN NOV 29 2020

...................................

...THE LINCOLN NE CLIMATE SUMMARY FOR NOVEMBER 28 2020...

CLIMATE NORMAL PERIOD 1981 TO 2010
CLIMATE RECORD PERIOD 1887 TO 2020


WEATHER ITEM   OBSERVED TIME   RECORD YEAR NORMAL DEPARTURE LAST
                VALUE   (LST)  VALUE       VALUE  FROM      YEAR
                                                  NORMAL
...................................................................
TEMPERATURE (F)
 YESTERDAY
  MAXIMUM         59    309 PM  65    1949  43     16       32
  MINIMUM         28    141 AM  -3    1976  22      6       23
  AVERAGE         44                        32     12       28

PRECIPITATION (IN)
  YESTERDAY        0.00          0.63 1909   0.04  -0.04     0.04
                                      2005
  MONTH TO DATE    1.20                      1.35  -0.15     0.71
  SINCE SEP 1      3.22                      6.34  -3.12     8.80
  SINCE JAN 1     22.43                     27.92  -5.49    33.46

SNOWFALL (IN)
  YESTERDAY        0.0           7.0  1971   0.1   -0.1      0.3
  MONTH TO DATE    T                         1.8   -1.8      1.7
  SINCE SEP 1      2.9                       2.5    0.4      2.4
  SINCE JUL 1      2.9                       2.5    0.4      2.4
  SNOW DEPTH       0

DEGREE DAYS
 HEATING
  YESTERDAY       21                        33    -12       37
  MONTH TO DATE  567                       716   -149      770
  SINCE SEP 1   1157                      1189    -32     1281
  SINCE JUL 1   1160                      1195    -35     1281

 COOLING
  YESTERDAY        0                         0      0        0
  MONTH TO DATE    4                         0      4        0
  SINCE SEP 1    115                       138    -23      280
  SINCE JAN 1   1275                      1173    102     1332
...................................................................


WIND (MPH)
  HIGHEST WIND SPEED    22   HIGHEST WIND DIRECTION    SW (220)
  HIGHEST GUST SPEED    31   HIGHEST GUST DIRECTION    SW (210)
  AVERAGE WIND SPEED     8.2


SKY COVER
  POSSIBLE SUNSHINE  MM
  AVERAGE SKY COVER 0.0


WEATHER CONDITIONS
THE FOLLOWING WEATHER WAS RECORDED YESTERDAY.
  NO SIGNIFICANT WEATHER WAS OBSERVED.

..........................................................


THE LINCOLN NE CLIMATE NORMALS FOR TODAY
                         NORMAL    RECORD    YEAR
 MAXIMUM TEMPERATURE (F)   43        75      2014
 MINIMUM TEMPERATURE (F)   21        -5      1976


SUNRISE AND SUNSET
NOVEMBER 29 2020......SUNRISE   731 AM CST   SUNSET   500 PM CST
NOVEMBER 30 2020......SUNRISE   732 AM CST   SUNSET   500 PM CST


-  INDICATES NEGATIVE NUMBERS.
R  INDICATES RECORD WAS SET OR TIED.
MM INDICATES DATA IS MISSING.
T  INDICATES TRACE AMOUNT.




$$
