329
CDUS43 KLOT 260640
CLILOT


CLIMATE REPORT
NATIONAL WEATHER SERVICE CHICAGO IL
1240 AM CST THU NOV 26 2020


...................................

...THE ROMEOVILLE  WFO CLIMATE SUMMARY FOR NOVEMBER 25 2020...

CLIMATE NORMAL PERIOD 1981 TO 2010
CLIMATE RECORD PERIOD 1992 TO 2020


WEATHER ITEM   OBSERVED RECORD YEAR NORMAL DEPARTURE LAST
                VALUE   VALUE       VALUE  FROM      YEAR
                                           NORMAL
...........................................................
TEMPERATURE (F)
 YESTERDAY
  MAXIMUM         48     60    2006  43      5       55
  MINIMUM         43     10    2005  28     15       34
  AVERAGE         46                 36     10       45

PRECIPITATION (IN)
  YESTERDAY        0.34   0.89 2018   0.12   0.22     0.00
  MONTH TO DATE    1.74               2.83  -1.09     0.83
  SINCE SEP 1      7.28               9.37  -2.09    18.75
  SINCE JAN 1     33.23              37.19  -3.96    54.66

SNOWFALL (IN)
  YESTERDAY        0.0    1.4  2018   0.0    0.0      0.0
  MONTH TO DATE    1.5                0.5    1.0      1.4
  SINCE SEP 1      1.5                0.5    1.0      3.5
  SINCE JUL 1      1.5                0.5    1.0      3.5
  SNOW DEPTH       0

DEGREE DAYS
 HEATING
  YESTERDAY       19                 29    -10
  MONTH TO DATE  445                579   -134
  SINCE SEP 1    968               1058    -90
  SINCE JUL 1    969               1066    -97

 COOLING
  YESTERDAY        0                  0      0
  MONTH TO DATE    3                  0      3
  SINCE SEP 1     74                109    -35
  SINCE JAN 1   1057                862    195
...........................................................







THE ROMEOVILLE  WFO CLIMATE NORMALS FOR TODAY
                         NORMAL    RECORD    YEAR
 MAXIMUM TEMPERATURE (F)   43        63      2006
 MINIMUM TEMPERATURE (F)   28        13      1996


SUNRISE AND SUNSET
NOVEMBER 26 2020......SUNRISE   655 AM CST   SUNSET   425 PM CST
NOVEMBER 27 2020......SUNRISE   656 AM CST   SUNSET   424 PM CST


-  INDICATES NEGATIVE NUMBERS.
R  INDICATES RECORD WAS SET OR TIED.
MM INDICATES DATA IS MISSING.
T  INDICATES TRACE AMOUNT.




$$
