000
CDUS43 KLMK 122035
CLILOU

CLIMATE REPORT
NATIONAL WEATHER SERVICE LOUISVILLE KY
435 PM EDT SAT JUN 12 2021

...................................

...THE LOUISVILLE BOWMAN KY CLIMATE SUMMARY FOR JUNE 12 2021...
VALID TODAY AS OF 0425 PM LOCAL TIME.

CLIMATE NORMAL PERIOD 1991 TO 2020
CLIMATE RECORD PERIOD 9999 TO 9999


WEATHER ITEM   OBSERVED TIME   RECORD YEAR NORMAL DEPARTURE LAST
                VALUE   (LST)  VALUE       VALUE  FROM      YEAR
                                                  NORMAL
...................................................................
TEMPERATURE (F)
 TODAY
  MAXIMUM         93    249 PM  MM      MM  84      9       87
  MINIMUM         68    604 AM  MM      MM  65      3       57
  AVERAGE         81                        75      6       72

PRECIPITATION (IN)
  TODAY            0.00         MM      MM   0.17  -0.17     0.00
  MONTH TO DATE    2.66                      1.79   0.87     1.13
  SINCE JUN 1      2.66                      1.79   0.87     1.13
  SINCE JAN 1     23.35                     22.56   0.79    22.87

DEGREE DAYS
 HEATING
  TODAY            0                         0      0        0
  MONTH TO DATE    0                         0      0        1
  SINCE JUN 1      0                         0      0        1
  SINCE JUL 1   4092                      4146    -54     3867

 COOLING
  TODAY           16                        10      6        7
  MONTH TO DATE  118                       103     15      131
  SINCE JUN 1    118                       103     15      131
  SINCE JAN 1    259                       286    -27      271
...................................................................


WIND (MPH)
  HIGHEST WIND SPEED     9   HIGHEST WIND DIRECTION     W (290)
  HIGHEST GUST SPEED    16   HIGHEST GUST DIRECTION    NW (320)
  AVERAGE WIND SPEED     2.4


SKY COVER
  POSSIBLE SUNSHINE  MM
  AVERAGE SKY COVER 0.1


WEATHER CONDITIONS
THE FOLLOWING WEATHER WAS RECORDED TODAY.
  FOG


RELATIVE HUMIDITY (PERCENT)
 HIGHEST    93           500 AM
 LOWEST     44           200 PM
 AVERAGE    69

..........................................................



SUNRISE AND SUNSET
JUNE 12 2021..........SUNRISE   619 AM EDT   SUNSET   907 PM EDT
JUNE 13 2021..........SUNRISE   619 AM EDT   SUNSET   907 PM EDT


-  INDICATES NEGATIVE NUMBERS.
R  INDICATES RECORD WAS SET OR TIED.
MM INDICATES DATA IS MISSING.
T  INDICATES TRACE AMOUNT.




$$
