000
CDUS43 KJKL 130520
CLILOZ

CLIMATE REPORT
NATIONAL WEATHER SERVICE JACKSON KY
120 AM EDT SUN JUN 13 2021

...................................

...THE LONDON KY CLIMATE SUMMARY FOR JUNE 12 2021...

CLIMATE NORMAL PERIOD 1991 TO 2020
CLIMATE RECORD PERIOD 1954 TO 2021

WEATHER ITEM   OBSERVED TIME   RECORD YEAR NORMAL DEPARTURE LAST
                VALUE   (LST)  VALUE       VALUE  FROM      YEAR
                                                  NORMAL
...................................................................
TEMPERATURE (F)
 YESTERDAY
  MAXIMUM         86    302 PM  91    1984  83      3       83
                                      2008
                                      2013
  MINIMUM         65   1159 PM  44    1972  62      3       54
  AVERAGE         76                        72      4       69

PRECIPITATION (IN)
  YESTERDAY        0.15          2.56 2018   0.16  -0.01     0.00
  MONTH TO DATE    5.29                      1.91   3.38     1.69
  SINCE JUN 1      5.29                      1.91   3.38     1.69
  SINCE JAN 1     26.79                     24.08   2.71    39.12

SNOWFALL (IN)
  YESTERDAY       MM
  MONTH TO DATE   MM
  SINCE JUN 1     MM
  SINCE JUL 1     MM
  SNOW DEPTH      MM

DEGREE DAYS
 HEATING
  YESTERDAY        0                         0      0        0
  MONTH TO DATE    0                         5     -5        2
  SINCE JUN 1      0                         5     -5        2
  SINCE JUL 1   4138                      4155    -17     3856

 COOLING
  YESTERDAY       11                         8      3        4
  MONTH TO DATE   87                        77     10      107
  SINCE JUN 1     87                        77     10      107
  SINCE JAN 1    179                       204    -25      215
...................................................................

WIND (MPH)
  HIGHEST WIND SPEED    22   HIGHEST WIND DIRECTION     N (350)
  HIGHEST GUST SPEED    32   HIGHEST GUST DIRECTION     N (350)
  AVERAGE WIND SPEED     2.9

SKY COVER
  POSSIBLE SUNSHINE  MM
  AVERAGE SKY COVER 0.6

WEATHER CONDITIONS
THE FOLLOWING WEATHER WAS RECORDED YESTERDAY.
  THUNDERSTORM
  HEAVY RAIN
  LIGHT RAIN
  FOG

RELATIVE HUMIDITY (PERCENT)
 HIGHEST   100           100 AM
 LOWEST     55           300 PM
 AVERAGE    78

..........................................................

THE LONDON KY CLIMATE NORMALS FOR TODAY
                         NORMAL    RECORD    YEAR
 MAXIMUM TEMPERATURE (F)   83        92      1958
                                             2000
 MINIMUM TEMPERATURE (F)   62        47      1985

SUNRISE AND SUNSET
JUNE 13 2021..........SUNRISE   616 AM EDT   SUNSET   857 PM EDT
JUNE 14 2021..........SUNRISE   616 AM EDT   SUNSET   858 PM EDT

-  INDICATES NEGATIVE NUMBERS.
R  INDICATES RECORD WAS SET OR TIED.
MM INDICATES DATA IS MISSING.
T  INDICATES TRACE AMOUNT.

$$
