301
CDUS44 KCRP 260940
CLILRD

CLIMATE REPORT
NATIONAL WEATHER SERVICE CORPUS CHRISTI TX
336 AM CST THU NOV 26 2020


...................................

...THE LAREDO CLIMATE SUMMARY FOR NOVEMBER 25 2020...

CLIMATE NORMAL PERIOD 1981 TO 2010
CLIMATE RECORD PERIOD 1900 TO 2020


WEATHER ITEM   OBSERVED TIME   RECORD YEAR NORMAL DEPARTURE LAST
                VALUE   (LST)  VALUE       VALUE  FROM      YEAR
                                                  NORMAL
..................................................................
TEMPERATURE (F)
 YESTERDAY
  MAXIMUM         82        MM  99    1942  73      9       89
  MINIMUM         63        MM  27    1937  52     11       55
  AVERAGE         73                        62     11       72

PRECIPITATION (IN)
  YESTERDAY        0.00          0.70 1919   0.04  -0.04     0.00
  MONTH TO DATE    0.00                      1.03  -1.03     0.36
  SINCE SEP 1      3.84                      6.17  -2.33     3.57
  SINCE JAN 1     15.79                     19.16  -3.37    11.32

SNOWFALL (IN)
  YESTERDAY        0.0          MM      MM   0.0    0.0      0.0
  MONTH TO DATE    0.0                       0.0    0.0      0.0
  SINCE SEP 1      0.0                       0.0    0.0      0.0
  SINCE JUL 1      0.0                       0.0    0.0      0.0
  SNOW DEPTH       0

DEGREE DAYS
 HEATING
  YESTERDAY        0                         5     -5        0
  MONTH TO DATE    0                        73    -73      120
  SINCE SEP 1     35                        85    -50      148
  SINCE JUL 1     35                        85    -50      148

 COOLING
  YESTERDAY        8                         2      6        7
  MONTH TO DATE  203                       115     88       83
  SINCE SEP 1   1073                      1001     72     1172
  SINCE JAN 1   4623                      4244    379     4790
..................................................................


WIND (MPH)
  HIGHEST WIND SPEED    MM   HIGHEST WIND DIRECTION    MM
  HIGHEST GUST SPEED    MM   HIGHEST GUST DIRECTION    MM
  AVERAGE WIND SPEED    MM


SKY COVER
  POSSIBLE SUNSHINE  MM
  AVERAGE SKY COVER 0.3


WEATHER CONDITIONS
 THE FOLLOWING WEATHER WAS RECORDED YESTERDAY.
  NO SIGNIFICANT WEATHER WAS OBSERVED.


RELATIVE HUMIDITY (PERCENT)
 HIGHEST   100           600 AM
 LOWEST     36           400 PM
 AVERAGE    68

..........................................................


THE LAREDO CLIMATE NORMALS FOR TODAY
                         NORMAL    RECORD    YEAR
 MAXIMUM TEMPERATURE (F)   72        97      1965
 MINIMUM TEMPERATURE (F)   51        27      1932


SUNRISE AND SUNSET
NOVEMBER 26 2020......SUNRISE   708 AM CST   SUNSET   543 PM CST
NOVEMBER 27 2020......SUNRISE   708 AM CST   SUNSET   543 PM CST


-  INDICATES NEGATIVE NUMBERS.
R  INDICATES RECORD WAS SET OR TIED.
MM INDICATES DATA IS MISSING.
T  INDICATES TRACE AMOUNT.




$$
