000
CDUS43 KARX 040632
CLILSE

CLIMATE REPORT
NATIONAL WEATHER SERVICE
1232 AM CST FRI DEC 04 2020

...................................

...THE LA CROSSE WI CLIMATE SUMMARY FOR DECEMBER 3 2020...

CLIMATE NORMAL PERIOD 1981 TO 2010
CLIMATE RECORD PERIOD 1873 TO 2020


WEATHER ITEM   OBSERVED TIME   RECORD YEAR NORMAL DEPARTURE LAST
                VALUE   (LST)  VALUE       VALUE  FROM      YEAR
                                                  NORMAL
...................................................................
TEMPERATURE (F)
 YESTERDAY
  MAXIMUM         46    253 PM  64    2012  34     12       41
  MINIMUM         28    737 AM -19    1940  19      9       26
  AVERAGE         37                        26     11       34

PRECIPITATION (IN)
  YESTERDAY        0.00          1.42 1990   0.06  -0.06     0.00
  MONTH TO DATE    0.00                      0.17  -0.17     0.04
  SINCE DEC 1      0.00                      0.17  -0.17     0.04
  SINCE JAN 1     30.46                     31.87  -1.41    43.28

SNOWFALL (IN)
  YESTERDAY        0.0          14.4  1990   0.4   -0.4      0.0
  MONTH TO DATE    0.0                       1.1   -1.1      0.3
  SINCE DEC 1      0.0                       1.1   -1.1      0.3
  SINCE JUL 1      3.3                       5.4   -2.1      6.8
  SNOW DEPTH       0

DEGREE DAYS
 HEATING
  YESTERDAY       28                        39    -11       31
  MONTH TO DATE  101                       115    -14       99
  SINCE DEC 1    101                       115    -14       99
  SINCE JUL 1   1498                      1615   -117     1583

 COOLING
  YESTERDAY        0                         0      0        0
  MONTH TO DATE    0                         0      0        0
  SINCE DEC 1      0                         0      0        0
  SINCE JAN 1   1032                       782    250      950
...................................................................


WIND (MPH)
  HIGHEST WIND SPEED    13   HIGHEST WIND DIRECTION    SW (230)
  HIGHEST GUST SPEED    17   HIGHEST GUST DIRECTION     W (270)
  AVERAGE WIND SPEED     7.7


WEATHER CONDITIONS
THE FOLLOWING WEATHER WAS RECORDED YESTERDAY.
  NO SIGNIFICANT WEATHER WAS OBSERVED.


RELATIVE HUMIDITY (PERCENT)
 HIGHEST    85           800 AM
 LOWEST     40           300 PM
 AVERAGE    63

..........................................................


THE LA CROSSE WI CLIMATE NORMALS FOR TODAY
                         NORMAL    RECORD    YEAR
 MAXIMUM TEMPERATURE (F)   33        64      2001
 MINIMUM TEMPERATURE (F)   19        -6      1893


SUNRISE AND SUNSET
DECEMBER  4 2020......SUNRISE   723 AM CST   SUNSET   428 PM CST
DECEMBER  5 2020......SUNRISE   724 AM CST   SUNSET   428 PM CST


-  INDICATES NEGATIVE NUMBERS.
R  INDICATES RECORD WAS SET OR TIED.
MM INDICATES DATA IS MISSING.
T  INDICATES TRACE AMOUNT.




$$
