124
CDUS45 KBYZ 261049
CLILVM


CLIMATE REPORT
NATIONAL WEATHER SERVICE BILLINGS MT
348 AM MST THU NOV 26 2020


...................................

...THE LIVINGSTON MT CLIMATE SUMMARY FOR NOVEMBER 25 2020...

CLIMATE NORMAL PERIOD 1981 TO 2010
CLIMATE RECORD PERIOD 1948 TO 2020


WEATHER ITEM   OBSERVED TIME   RECORD YEAR NORMAL DEPARTURE LAST
                VALUE   (LST)  VALUE       VALUE  FROM      YEAR
                                                  NORMAL
..................................................................
TEMPERATURE (F)
 YESTERDAY
  MAXIMUM         42   1015 AM  62    1950  39      3       38
  MINIMUM         28    914 PM  -8    1985  21      7       16
  AVERAGE         35                        30      5       27

PRECIPITATION (IN)
  YESTERDAY        T             0.38 2014   0.02  -0.02     0.02
  MONTH TO DATE    0.07                      0.49  -0.42     0.39
  SINCE OCT 1      0.07                      1.75  -1.68     1.71
  SINCE JAN 1      5.43                     14.19  -8.76    17.74

DEGREE DAYS
 HEATING
  YESTERDAY       30                        35     -5       38
  MONTH TO DATE   56                       752   -696      667
  SINCE SEP 1     69                      1662  -1593     1751
  SINCE JUL 1     69                      1779  -1710     1823

 COOLING
  YESTERDAY        0                         0      0        0
  MONTH TO DATE    0                         0      0        0
  SINCE SEP 1      0                        15    -15       44
  SINCE JAN 1     23                       230   -207      226
..................................................................


WIND (MPH)
  HIGHEST WIND SPEED    51   HIGHEST WIND DIRECTION     S (200)
  HIGHEST GUST SPEED    63   HIGHEST GUST DIRECTION    SW (210)
  AVERAGE WIND SPEED    25.6


SKY COVER
  POSSIBLE SUNSHINE  MM
  AVERAGE SKY COVER 0.5


WEATHER CONDITIONS
 THE FOLLOWING WEATHER WAS RECORDED YESTERDAY.
  LIGHT SNOW
  FOG


RELATIVE HUMIDITY (PERCENT)
 HIGHEST    72           900 PM
 LOWEST     44           600 AM
 AVERAGE    58

..........................................................


THE LIVINGSTON MT CLIMATE NORMALS FOR TODAY
                         NORMAL    RECORD    YEAR
 MAXIMUM TEMPERATURE (F)   39        66      2017
 MINIMUM TEMPERATURE (F)   21       -21      1985


SUNRISE AND SUNSET
NOVEMBER 26 2020......SUNRISE   737 AM MST   SUNSET   441 PM MST
NOVEMBER 27 2020......SUNRISE   738 AM MST   SUNSET   441 PM MST


-  INDICATES NEGATIVE NUMBERS.
R  INDICATES RECORD WAS SET OR TIED.
MM INDICATES DATA IS MISSING.
T  INDICATES TRACE AMOUNT.




$$
