000
CDUS46 KOTX 260841
CLILWS

CLIMATE REPORT
NATIONAL WEATHER SERVICE SPOKANE WA
1241 AM PST THU NOV 26 2020

...................................

...THE LEWISTON ID AIRPORT CLIMATE SUMMARY FOR NOVEMBER 25 2020...

CLIMATE NORMAL PERIOD 1981 TO 2010
CLIMATE RECORD PERIOD 1881 TO 2020


WEATHER ITEM   OBSERVED TIME   RECORD YEAR NORMAL DEPARTURE LAST
                VALUE   (LST)  VALUE       VALUE  FROM      YEAR
                                                  NORMAL
...................................................................
TEMPERATURE (F)
 YESTERDAY
  MAXIMUM         48   1224 PM  65    1949  44      4       43
  MINIMUM         35    948 PM   2    1993  32      3       33
  AVERAGE         42                        38      4       38

PRECIPITATION (IN)
  YESTERDAY        0.15          0.80 1999   0.04   0.11     0.09
  MONTH TO DATE    1.82                      1.00   0.82     0.61
  SINCE OCT 1      2.74                      1.96   0.78     1.52
  SINCE JAN 1     13.85                     11.16   2.69    12.00

SNOWFALL (IN)
  YESTERDAY        0.0           5.5  1961   0.0    0.0     MM
  MONTH TO DATE    2.6                       1.3    1.3      0.0
  SINCE SEP 1      2.6                       1.3    1.3      0.0
  SINCE JUL 1      2.6                       1.3    1.3      0.0
  SNOW DEPTH       0

DEGREE DAYS
 HEATING
  YESTERDAY       23                        27     -4       27
  MONTH TO DATE  554                       575    -21      594
  SINCE SEP 1    956                      1085   -129     1220
  SINCE JUL 1    958                      1100   -142     1220

 COOLING
  YESTERDAY        0                         0      0        0
  MONTH TO DATE    0                         0      0        0
  SINCE SEP 1    133                        90     43      109
  SINCE JAN 1    943                       807    136      964
...................................................................


WIND (MPH)
  HIGHEST WIND SPEED    16   HIGHEST WIND DIRECTION     W (270)
  HIGHEST GUST SPEED    20   HIGHEST GUST DIRECTION     W (290)
  AVERAGE WIND SPEED     3.9


SKY COVER
  POSSIBLE SUNSHINE  MM
  AVERAGE SKY COVER 0.9


WEATHER CONDITIONS
THE FOLLOWING WEATHER WAS RECORDED YESTERDAY.
  LIGHT RAIN


RELATIVE HUMIDITY (PERCENT)
 HIGHEST    89           700 PM
 LOWEST     45          1200 PM
 AVERAGE    67

..........................................................


THE LEWISTON ID AIRPORT CLIMATE NORMALS FOR TODAY
                         NORMAL    RECORD    YEAR
 MAXIMUM TEMPERATURE (F)   44        62      1899
 MINIMUM TEMPERATURE (F)   32         6      1993


SUNRISE AND SUNSET
NOVEMBER 26 2020......SUNRISE   705 AM PST   SUNSET   405 PM PST
NOVEMBER 27 2020......SUNRISE   707 AM PST   SUNSET   405 PM PST


-  INDICATES NEGATIVE NUMBERS.
R  INDICATES RECORD WAS SET OR TIED.
MM INDICATES DATA IS MISSING.
T  INDICATES TRACE AMOUNT.




$$
