000
CDUS45 KTFX 260841
CLILWT

CLIMATE REPORT
NATIONAL WEATHER SERVICE GREAT FALLS MT
141 AM MST THU NOV 26 2020

...................................

...THE LEWISTOWN MT CLIMATE SUMMARY FOR NOVEMBER 25 2020...

CLIMATE NORMAL PERIOD 1981 TO 2010
CLIMATE RECORD PERIOD 1896 TO 2020


WEATHER ITEM   OBSERVED TIME   RECORD YEAR NORMAL DEPARTURE LAST
                VALUE   (LST)  VALUE       VALUE  FROM      YEAR
                                                  NORMAL
...................................................................
TEMPERATURE (F)
 YESTERDAY
  MAXIMUM         46   1117 AM  64    1960  39      7       35
  MINIMUM         21   1130 PM -26    1985  17      4       13
  AVERAGE         34                        28      6       24

PRECIPITATION (IN)
  YESTERDAY        T             0.54 1910   0.02  -0.02     0.03
  MONTH TO DATE    0.35                      0.60  -0.25     1.08
  SINCE OCT 1      1.67                      1.73  -0.06     2.24
  SINCE JAN 1     13.83                     16.08  -2.25    17.59

SNOWFALL (IN)
  YESTERDAY        T             5.0  1910   0.3   -0.3      0.4
  MONTH TO DATE   15.3                       6.0    9.3      5.1
  SINCE SEP 1     25.8                      11.5   14.3     13.1
  SINCE JUL 1     25.8                      11.5   14.3     13.1
  SNOW DEPTH       0

DEGREE DAYS
 HEATING
  YESTERDAY       31                        37     -6       41
  MONTH TO DATE  726                       800    -74      807
  SINCE SEP 1   1726                      1780    -54     2082
  SINCE JUL 1   1835                      1938   -103     2241

 COOLING
  YESTERDAY        0                         0      0        0
  MONTH TO DATE    0                         0      0        0
  SINCE SEP 1     14                        14      0       17
  SINCE JAN 1    250                       210     40      148
...................................................................


WIND (MPH)
  HIGHEST WIND SPEED    28   HIGHEST WIND DIRECTION     W (250)
  HIGHEST GUST SPEED    35   HIGHEST GUST DIRECTION    NW (300)
  AVERAGE WIND SPEED    13.2


SKY COVER
  AVERAGE SKY COVER 0.4


WEATHER CONDITIONS
THE FOLLOWING WEATHER WAS RECORDED YESTERDAY.
  LIGHT SNOW


RELATIVE HUMIDITY (PERCENT)
 HIGHEST    92          1100 PM
 LOWEST     37           200 PM
 AVERAGE    65

..........................................................


THE LEWISTOWN MT CLIMATE NORMALS FOR TODAY
                         NORMAL    RECORD    YEAR
 MAXIMUM TEMPERATURE (F)   38        66      1914
 MINIMUM TEMPERATURE (F)   17       -23      1985


SUNRISE AND SUNSET
NOVEMBER 26 2020......SUNRISE   737 AM MST   SUNSET   433 PM MST
NOVEMBER 27 2020......SUNRISE   739 AM MST   SUNSET   432 PM MST


-  INDICATES NEGATIVE NUMBERS.
R  INDICATES RECORD WAS SET OR TIED.
MM INDICATES DATA IS MISSING.
T  INDICATES TRACE AMOUNT.




$$
