000
CDUS41 KRNK 260932
CLILYH

CLIMATE REPORT
NATIONAL WEATHER SERVICE BLACKSBURG, VA
432 AM EST THU NOV 26 2020

...................................

...THE LYNCHBURG VA CLIMATE SUMMARY FOR NOVEMBER 25 2020...

CLIMATE NORMAL PERIOD: 1981 TO 2010
CLIMATE RECORD PERIOD: 1893 TO 2020


WEATHER ITEM   OBSERVED TIME   RECORD YEAR NORMAL DEPARTURE LAST
                VALUE   (LST)  VALUE       VALUE  FROM      YEAR
                                                  NORMAL
...................................................................
TEMPERATURE (F)
 YESTERDAY
  MAXIMUM         56   2:01 PM  75    1973  55      1       59
  MINIMUM         36   6:35 AM   8    1970  32      4       28
  AVERAGE         46                        44      2       44

PRECIPITATION (IN)
  YESTERDAY        0.02          2.15 1964   0.11  -0.09     0.00
  MONTH TO DATE    5.36                      2.84   2.52     1.24
  SINCE SEP 1     18.27                      9.83   8.44     8.14
  SINCE JAN 1     61.23                     37.76  23.47    35.72

SNOWFALL (IN)
  YESTERDAY        0.0                                       0.0
  MONTH TO DATE    0.0                                        T
  SINCE SEP 1      0.0                                        T
  SINCE JUL 1      0.0                                        T
  SNOW DEPTH       0

DEGREE DAYS
 HEATING
  YESTERDAY       19                        22     -3       21
  MONTH TO DATE  291                       435   -144      554
  SINCE SEP 1    502                       779   -277      729
  SINCE JUL 1    502                       782   -280      729

 COOLING
  YESTERDAY        0                         0      0        0
  MONTH TO DATE   10                         0     10        0
  SINCE SEP 1    196                       133     63      360
  SINCE JAN 1   1505                      1031    474     1575
...................................................................


WIND (MPH)
  RESULTANT WIND SPEED   4   RESULTANT WIND DIRECTION   S (180)
  HIGHEST WIND SPEED    13   HIGHEST WIND DIRECTION     S (160)
  HIGHEST GUST SPEED    15   HIGHEST GUST DIRECTION     S (200)
  AVERAGE WIND SPEED     3.3


SKY COVER
  AVERAGE SKY COVER 0.7


WEATHER CONDITIONS
THE FOLLOWING WEATHER WAS RECORDED YESTERDAY.
  LIGHT RAIN
  FOG


RELATIVE HUMIDITY (PERCENT)
 HIGHEST    83          10:00 PM
 LOWEST     56          12:00 PM
 AVERAGE    70

..........................................................


THE LYNCHBURG VA CLIMATE NORMALS FOR TODAY
                         NORMAL    RECORD    YEAR
 MAXIMUM TEMPERATURE (F)   54        73      1896
                                             1990
 MINIMUM TEMPERATURE (F)   32        11      1950


SUNRISE AND SUNSET
NOVEMBER 26 2020......SUNRISE   7:08 AM EST   SUNSET   5:00 PM EST
NOVEMBER 27 2020......SUNRISE   7:09 AM EST   SUNSET   5:00 PM EST


-  INDICATES NEGATIVE NUMBERS.
R  INDICATES RECORD WAS SET OR TIED.
MM INDICATES DATA IS MISSING.
T  INDICATES TRACE AMOUNT.

$$

RAB
