000
CDUS44 KLZK 290636
CLILZK


CLIMATE REPORT
NATIONAL WEATHER SERVICE LITTLE ROCK AR
1236 AM CST SUN NOV 29 2020


...................................

...THE NORTH LITTLE ROCK CLIMATE SUMMARY FOR NOVEMBER 28 2020...

CLIMATE NORMAL PERIOD 1981 TO 2010
CLIMATE RECORD PERIOD 1975 TO 2020


WEATHER ITEM   OBSERVED TIME   RECORD YEAR NORMAL DEPARTURE LAST
                VALUE   (LST)  VALUE       VALUE  FROM      YEAR
                                                  NORMAL
..................................................................
TEMPERATURE (F)
 YESTERDAY
  MAXIMUM         55    149 PM  72    1997  56     -1       46
                                      1991
  MINIMUM         39    709 AM  25    2013  39      0       38
  AVERAGE         47                        48     -1       42

PRECIPITATION (IN)
  YESTERDAY        0.00          2.85 2015   0.20  -0.20     0.24
  MONTH TO DATE    1.42                      5.00  -3.58     4.77
  SINCE SEP 1      8.49                     13.11  -4.62    12.75
  SINCE JAN 1     55.48                     44.63  10.85    64.17

SNOWFALL (IN)
  YESTERDAY        0.0           T    2011   0.0    0.0      0.0
                                      1995
                                      1976
  MONTH TO DATE    0.0                       0.0    0.0       T
  SINCE SEP 1      0.0                       T      0.0       T
  SINCE JUL 1      0.0                       T      0.0       T
  SNOW DEPTH       0

DEGREE DAYS
 HEATING
  YESTERDAY       18                        17      1       23
  MONTH TO DATE  246                       341    -95      489
  SINCE SEP 1    442                       476    -34      667
  SINCE JUL 1    442                       476    -34      667

 COOLING
  YESTERDAY        0                         0      0        0
  MONTH TO DATE    9                        10     -1        0
  SINCE SEP 1    308                       391    -83      570
  SINCE JAN 1   1868                      2168   -300     2163
..................................................................


WIND (MPH)
  HIGHEST WIND SPEED    17   HIGHEST WIND DIRECTION    NE (60)
  HIGHEST GUST SPEED    22   HIGHEST GUST DIRECTION     E (90)
  AVERAGE WIND SPEED     8.0


SKY COVER
  POSSIBLE SUNSHINE  MM
  AVERAGE SKY COVER 0.1


WEATHER CONDITIONS
 THE FOLLOWING WEATHER WAS RECORDED YESTERDAY.
  NO SIGNIFICANT WEATHER WAS OBSERVED.


RELATIVE HUMIDITY (PERCENT)
 HIGHEST    73           300 AM
 LOWEST     39           200 PM
 AVERAGE    56

..........................................................


THE NORTH LITTLE ROCK CLIMATE NORMALS FOR TODAY
                         NORMAL    RECORD    YEAR
 MAXIMUM TEMPERATURE (F)   56        74      1998
 MINIMUM TEMPERATURE (F)   39        14      1976


SUNRISE AND SUNSET
NOVEMBER 29 2020......SUNRISE   657 AM CST   SUNSET   458 PM CST
NOVEMBER 30 2020......SUNRISE   658 AM CST   SUNSET   458 PM CST


-  INDICATES NEGATIVE NUMBERS.
R  INDICATES RECORD WAS SET OR TIED.
MM INDICATES DATA IS MISSING.
T  INDICATES TRACE AMOUNT.




$$
