432
CDUS46 KHNX 130022
CLIMAE

CLIMATE REPORT
NATIONAL WEATHER SERVICE
522 PM PDT SAT JUN 12 2021

...................................

...THE MADERA CA AIRPORT CLIMATE SUMMARY FOR JUNE 12 2021...
VALID AS OF 0400 PM LOCAL TIME.

CLIMATE NORMAL PERIOD 1991 TO 2020
CLIMATE RECORD PERIOD 1898 TO 2021


WEATHER ITEM   OBSERVED TIME   RECORD YEAR NORMAL DEPARTURE LAST
                VALUE   (LST)  VALUE       VALUE  FROM      YEAR
                                                  NORMAL
...................................................................
TEMPERATURE (F)
 TODAY
  MAXIMUM         91    359 PM 106    1949  91      0       MM
  MINIMUM         57    525 AM  45    1943  57      0       MM
                                      1952
  AVERAGE         74                        74      0       MM

PRECIPITATION (IN)
  TODAY            0.00          T    2016   0.01  -0.01    MM
  MONTH TO DATE    0.00                      0.11  -0.11    MM
  SINCE OCT 1      MM                       10.70   MM      MM
  SINCE JAN 1      MM                        7.52   MM      MM

SNOWFALL (IN)
  TODAY           MM            MM      MM  MM     MM       MM
  MONTH TO DATE    0.0                       0.0    0.0     MM
  SINCE JUN 1      0.0                       0.0    0.0     MM
  SINCE JUL 1      0.0                      MM     MM        0.0
  SNOW DEPTH      MM

DEGREE DAYS
 HEATING
  TODAY            0                         0      0       MM
  MONTH TO DATE    5                         0      5       MM
  SINCE JUN 1      5                         0      5       MM
  SINCE JUL 1   2173                      2352   -179        5

 COOLING
  TODAY            9                         9      0       MM
  MONTH TO DATE  106                        97      9       MM
  SINCE JUN 1    106                        97      9       MM
  SINCE JAN 1    274                       265      9       MM
...................................................................


WIND (MPH)
  RESULTANT WIND SPEED   9   RESULTANT WIND DIRECTION  NW (300)
  HIGHEST WIND SPEED    15   HIGHEST WIND DIRECTION    NW (330)
  HIGHEST GUST SPEED    28   HIGHEST GUST DIRECTION     N (360)
  AVERAGE WIND SPEED     9.2


SKY COVER
  POSSIBLE SUNSHINE  MM
  AVERAGE SKY COVER 0.0


WEATHER CONDITIONS
THE FOLLOWING WEATHER WAS RECORDED TODAY.
  NO SIGNIFICANT WEATHER WAS OBSERVED.


RELATIVE HUMIDITY (PERCENT)
 HIGHEST    78           600 AM
 LOWEST     29           200 PM
 AVERAGE    54

..........................................................


THE MADERA CA AIRPORT CLIMATE NORMALS FOR TOMORROW
                         NORMAL    RECORD    YEAR
 MAXIMUM TEMPERATURE (F)   92       109      1960
 MINIMUM TEMPERATURE (F)   57        44      1951


SUNRISE AND SUNSET
JUNE 12 2021..........SUNRISE   540 AM PDT   SUNSET   821 PM PDT
JUNE 13 2021..........SUNRISE   540 AM PDT   SUNSET   821 PM PDT


-  INDICATES NEGATIVE NUMBERS.
R  INDICATES RECORD WAS SET OR TIED.
MM INDICATES DATA IS MISSING.
T  INDICATES TRACE AMOUNT.




$$
