507
CDUS46 KHNX 280826
CLIMAE


CLIMATE REPORT
NATIONAL WEATHER SERVICE SAN JOAQUIN VALLEY, CA
1225 AM PST SAT NOV 28 2020


...................................

...THE MADERA CA AIRPORT CLIMATE SUMMARY FOR NOVEMBER 27 2020...

CLIMATE NORMAL PERIOD 1981 TO 2010
CLIMATE RECORD PERIOD 1998 TO 2020


WEATHER ITEM   OBSERVED TIME   RECORD YEAR NORMAL DEPARTURE LAST
                VALUE   (LST)  VALUE       VALUE  FROM      YEAR
                                                  NORMAL
..................................................................
TEMPERATURE (F)
 YESTERDAY
  MAXIMUM         64    342 PM  75    1959  60      4
  MINIMUM         30    645 AM  26    2005  38     -8
  AVERAGE         47                        49     -2       47

PRECIPITATION (IN)
  YESTERDAY        0.00          0.67 1931   0.02  -0.02
  MONTH TO DATE    0.16                      1.05  -0.89
  SINCE OCT 1      0.16                      1.93  -1.77
  SINCE JAN 1      3.92                     10.22  -6.30

SNOWFALL (IN)
  YESTERDAY        0.0
  MONTH TO DATE    0.0
  SINCE SEP 1      0.0
  SINCE JUL 1      0.0
  SNOW DEPTH       0

DEGREE DAYS
 HEATING
  YESTERDAY       18
  MONTH TO DATE  335
  SINCE SEP 1    383
  SINCE JUL 1    383

 COOLING
  YESTERDAY        0
  MONTH TO DATE    0
  SINCE SEP 1    452
  SINCE JAN 1   1931
..................................................................


WIND (MPH)
  HIGHEST WIND SPEED     8   HIGHEST WIND DIRECTION     S (200)
  HIGHEST GUST SPEED    11   HIGHEST GUST DIRECTION     S (160)
  AVERAGE WIND SPEED     2.6




RELATIVE HUMIDITY (PERCENT)
 HIGHEST   100
 LOWEST     31
 AVERAGE    66

..........................................................


THE MADERA CA AIRPORT CLIMATE NORMALS FOR TODAY
                         NORMAL    RECORD    YEAR
 MAXIMUM TEMPERATURE (F)   59        79      1959
 MINIMUM TEMPERATURE (F)   38        24      1948


SUNRISE AND SUNSET
NOVEMBER 28 2020......SUNRISE   653 AM PST   SUNSET   444 PM PST
NOVEMBER 29 2020......SUNRISE   654 AM PST   SUNSET   444 PM PST


-  INDICATES NEGATIVE NUMBERS.
R  INDICATES RECORD WAS SET OR TIED.
MM INDICATES DATA IS MISSING.
T  INDICATES TRACE AMOUNT.




$$
